{"id":14,"date":"2013-05-23T22:49:03","date_gmt":"2013-05-23T19:49:03","guid":{"rendered":"http:\/\/munska.siiksten.webfactional.com\/helsinki\/?page_id=14"},"modified":"2026-03-10T13:43:06","modified_gmt":"2026-03-10T11:43:06","slug":"jasenkirje","status":"publish","type":"page","link":"https:\/\/munskankarna.org\/helsinki\/jasenkirje\/","title":{"rendered":"J\u00e4senkirje"},"content":{"rendered":"<header class=\"entry-header\"><\/header><header>Helsingin Munsk\u00e4nkarna viestii j\u00e4senilleen ensisijaisesti s\u00e4hk\u00f6postilla l\u00e4hetett\u00e4vien j\u00e4senkirjeiden avulla. Voit ladata PDF-muotoisen j\u00e4senkirjeen my\u00f6s alta.<\/header><header><span style=\"font-size: revert\"><br \/>Muistathan pit\u00e4\u00e4 s\u00e4hk\u00f6postiosoitteesi ajan tasalla! Ilmoita mahdolliset muutokset <\/span><span style=\"color: #993300\"><a style=\"color: #993300\" href=\"https:\/\/munskankarna.org\/helsinki\/yhteystiedot\/\">yhdistyksen sihteerille &gt;<\/a><\/span><span style=\"font-size: revert\">.<\/span><\/header><header>\r\n<h2><a href=\"https:\/\/munskankarna.org\/helsinki\/wp-content\/uploads\/sites\/2\/2026\/03\/JASENKIRJE_2_100326.pdf\" target=\"_blank\" rel=\"noopener\">Vuoden 2026 viimeisin j\u00e4senkirje<\/a><\/h2>\r\n<\/header><header><\/header>\r\n<div class=\"wp-block-media-text alignwide has-media-on-the-right is-stacked-on-mobile\">\r\n<figure class=\"wp-block-media-text__media\"><img loading=\"lazy\" decoding=\"async\" width=\"683\" height=\"1024\" class=\"wp-image-498 size-full\" src=\"https:\/\/munskankarna.org\/helsinki\/wp-content\/uploads\/sites\/2\/2020\/11\/ROY4323_pieni-683x1024.jpg\" alt=\"\" srcset=\"https:\/\/munskankarna.org\/helsinki\/wp-content\/uploads\/sites\/2\/2020\/11\/ROY4323_pieni-683x1024.jpg 683w, https:\/\/munskankarna.org\/helsinki\/wp-content\/uploads\/sites\/2\/2020\/11\/ROY4323_pieni-200x300.jpg 200w, https:\/\/munskankarna.org\/helsinki\/wp-content\/uploads\/sites\/2\/2020\/11\/ROY4323_pieni-624x936.jpg 624w, https:\/\/munskankarna.org\/helsinki\/wp-content\/uploads\/sites\/2\/2020\/11\/ROY4323_pieni.jpg 700w\" sizes=\"auto, (max-width: 683px) 100vw, 683px\" \/><\/figure>\r\n<div class=\"wp-block-media-text__content\">\r\n<h4 class=\"wp-block-heading\">Vuoden 2026 j\u00e4senkirjeet<\/h4>\r\n\r\n\r\n\r\n<ul class=\"wp-block-list\">\r\n<li><a href=\"https:\/\/munskankarna.org\/helsinki\/wp-content\/uploads\/sites\/2\/2026\/03\/JASENKIRJE_2_100326.pdf\">J\u00c4SENKIRJE_2_100326<\/a><\/li>\r\n<li><a href=\"https:\/\/munskankarna.org\/helsinki\/wp-content\/uploads\/sites\/2\/2026\/02\/JASENKIRJE_1_310126.pdf\">J\u00c4SENKIRJE_1_310126<\/a><\/li>\r\n<\/ul>\r\n\r\n\r\n\r\n<p><strong>Katso my\u00f6s<\/strong>:<\/p>\r\n\r\n\r\n\r\n<ul class=\"wp-block-list\">\r\n<li><a href=\"https:\/\/munskankarna.org\/helsinki\/tastingit\/\">Tastingeihin ilmoittautuminen &gt;<\/a><\/li>\r\n<li><a href=\"https:\/\/munskankarna.org\/helsinki\/jasenkirje-2\/vanhoja-jasenkirjeita\/\">Vanhoja j\u00e4senkirjeit\u00e4 &gt;<\/a><\/li>\r\n<li><a href=\"https:\/\/munskankarna.org\/helsinki\/wp-content\/uploads\/sites\/2\/2018\/06\/Rekisteriseloste_07062018.pdf\" target=\"_blank\" rel=\"noreferrer noopener\">Helsingin Munsk\u00e4nkarnan rekisteriseloste &gt;<\/a><\/li>\r\n<li><a href=\"https:\/\/munskankarna.org\/helsinki\/wp-content\/uploads\/sites\/2\/2018\/06\/Tietosuojalausunto.pdf\" target=\"_blank\" rel=\"noreferrer noopener\">Helsingin Munsk\u00e4nkarnan tietosuojalausunto &gt;<\/a><\/li>\r\n<\/ul>\r\n<\/div>\r\n<\/div>\r\n","protected":false},"excerpt":{"rendered":"<p>Helsingin Munsk\u00e4nkarna viestii j\u00e4senilleen ensisijaisesti s\u00e4hk\u00f6postilla l\u00e4hetett\u00e4vien j\u00e4senkirjeiden avulla. Voit ladata PDF-muotoisen j\u00e4senkirjeen my\u00f6s alta. Muistathan pit\u00e4\u00e4 s\u00e4hk\u00f6postiosoitteesi ajan tasalla! Ilmoita mahdolliset muutokset yhdistyksen sihteerille &gt;. Vuoden 2026 viimeisin j\u00e4senkirje Vuoden 2026 j\u00e4senkirjeet J\u00c4SENKIRJE_2_100326 J\u00c4SENKIRJE_1_310126 Katso my\u00f6s: Tastingeihin ilmoittautuminen &gt; Vanhoja j\u00e4senkirjeit\u00e4 &gt; Helsingin Munsk\u00e4nkarnan rekisteriseloste &gt; Helsingin Munsk\u00e4nkarnan tietosuojalausunto &gt;<\/p>\n","protected":false},"author":24,"featured_media":0,"parent":0,"menu_order":1,"comment_status":"closed","ping_status":"open","template":"","meta":{"_monsterinsights_skip_tracking":false,"_monsterinsights_sitenote_active":false,"_monsterinsights_sitenote_note":"","_monsterinsights_sitenote_category":0,"footnotes":""},"class_list":["post-14","page","type-page","status-publish","hentry"],"yoast_head":"<!-- This site is optimized with the Yoast SEO plugin v27.3 - https:\/\/yoast.com\/product\/yoast-seo-wordpress\/ -->\n<title>J\u00e4senkirje - Helsingin Munsk\u00e4nkarna<\/title>\n<meta name=\"robots\" content=\"index, follow, max-snippet:-1, max-image-preview:large, max-video-preview:-1\" \/>\n<link rel=\"canonical\" href=\"https:\/\/munskankarna.org\/helsinki\/jasenkirje\/\" \/>\n<meta property=\"og:locale\" content=\"fi_FI\" \/>\n<meta property=\"og:type\" content=\"article\" \/>\n<meta property=\"og:title\" content=\"J\u00e4senkirje - Helsingin Munsk\u00e4nkarna\" \/>\n<meta property=\"og:description\" content=\"Helsingin Munsk\u00e4nkarna viestii j\u00e4senilleen ensisijaisesti s\u00e4hk\u00f6postilla l\u00e4hetett\u00e4vien j\u00e4senkirjeiden avulla. Voit ladata PDF-muotoisen j\u00e4senkirjeen my\u00f6s alta. Muistathan pit\u00e4\u00e4 s\u00e4hk\u00f6postiosoitteesi ajan tasalla! Ilmoita mahdolliset muutokset yhdistyksen sihteerille &gt;. Vuoden 2026 viimeisin j\u00e4senkirje Vuoden 2026 j\u00e4senkirjeet J\u00c4SENKIRJE_2_100326 J\u00c4SENKIRJE_1_310126 Katso my\u00f6s: Tastingeihin ilmoittautuminen &gt; Vanhoja j\u00e4senkirjeit\u00e4 &gt; Helsingin Munsk\u00e4nkarnan rekisteriseloste &gt; Helsingin Munsk\u00e4nkarnan tietosuojalausunto &gt;\" \/>\n<meta property=\"og:url\" content=\"https:\/\/munskankarna.org\/helsinki\/jasenkirje\/\" \/>\n<meta property=\"og:site_name\" content=\"Helsingin Munsk\u00e4nkarna\" \/>\n<meta property=\"article:modified_time\" content=\"2026-03-10T11:43:06+00:00\" \/>\n<meta property=\"og:image\" content=\"https:\/\/munskankarna.org\/helsinki\/wp-content\/uploads\/sites\/2\/2020\/11\/ROY4323_pieni.jpg\" \/>\n\t<meta property=\"og:image:width\" content=\"700\" \/>\n\t<meta property=\"og:image:height\" content=\"1050\" \/>\n\t<meta property=\"og:image:type\" content=\"image\/jpeg\" \/>\n<meta name=\"twitter:card\" content=\"summary_large_image\" \/>\n<meta name=\"twitter:label1\" content=\"Arvioitu lukuaika\" \/>\n\t<meta name=\"twitter:data1\" content=\"1 minuutti\" \/>\n<script type=\"application\/ld+json\" class=\"yoast-schema-graph\">{\"@context\":\"https:\\\/\\\/schema.org\",\"@graph\":[{\"@type\":\"WebPage\",\"@id\":\"https:\\\/\\\/munskankarna.org\\\/helsinki\\\/jasenkirje\\\/\",\"url\":\"https:\\\/\\\/munskankarna.org\\\/helsinki\\\/jasenkirje\\\/\",\"name\":\"J\u00e4senkirje - Helsingin Munsk\u00e4nkarna\",\"isPartOf\":{\"@id\":\"https:\\\/\\\/munskankarna.org\\\/helsinki\\\/#website\"},\"primaryImageOfPage\":{\"@id\":\"https:\\\/\\\/munskankarna.org\\\/helsinki\\\/jasenkirje\\\/#primaryimage\"},\"image\":{\"@id\":\"https:\\\/\\\/munskankarna.org\\\/helsinki\\\/jasenkirje\\\/#primaryimage\"},\"thumbnailUrl\":\"https:\\\/\\\/munskankarna.org\\\/helsinki\\\/wp-content\\\/uploads\\\/sites\\\/2\\\/2020\\\/11\\\/ROY4323_pieni-683x1024.jpg\",\"datePublished\":\"2013-05-23T19:49:03+00:00\",\"dateModified\":\"2026-03-10T11:43:06+00:00\",\"breadcrumb\":{\"@id\":\"https:\\\/\\\/munskankarna.org\\\/helsinki\\\/jasenkirje\\\/#breadcrumb\"},\"inLanguage\":\"fi\",\"potentialAction\":[{\"@type\":\"ReadAction\",\"target\":[\"https:\\\/\\\/munskankarna.org\\\/helsinki\\\/jasenkirje\\\/\"]}]},{\"@type\":\"ImageObject\",\"inLanguage\":\"fi\",\"@id\":\"https:\\\/\\\/munskankarna.org\\\/helsinki\\\/jasenkirje\\\/#primaryimage\",\"url\":\"https:\\\/\\\/munskankarna.org\\\/helsinki\\\/wp-content\\\/uploads\\\/sites\\\/2\\\/2020\\\/11\\\/ROY4323_pieni.jpg\",\"contentUrl\":\"https:\\\/\\\/munskankarna.org\\\/helsinki\\\/wp-content\\\/uploads\\\/sites\\\/2\\\/2020\\\/11\\\/ROY4323_pieni.jpg\",\"width\":700,\"height\":1050},{\"@type\":\"BreadcrumbList\",\"@id\":\"https:\\\/\\\/munskankarna.org\\\/helsinki\\\/jasenkirje\\\/#breadcrumb\",\"itemListElement\":[{\"@type\":\"ListItem\",\"position\":1,\"name\":\"Home\",\"item\":\"https:\\\/\\\/munskankarna.org\\\/helsinki\\\/\"},{\"@type\":\"ListItem\",\"position\":2,\"name\":\"J\u00e4senkirje\"}]},{\"@type\":\"WebSite\",\"@id\":\"https:\\\/\\\/munskankarna.org\\\/helsinki\\\/#website\",\"url\":\"https:\\\/\\\/munskankarna.org\\\/helsinki\\\/\",\"name\":\"Helsingin Munsk\u00e4nkarna\",\"description\":\"Suomen Munsk\u00e4nkarna ry:n Helsingin paikallisseura\",\"potentialAction\":[{\"@type\":\"SearchAction\",\"target\":{\"@type\":\"EntryPoint\",\"urlTemplate\":\"https:\\\/\\\/munskankarna.org\\\/helsinki\\\/?s={search_term_string}\"},\"query-input\":{\"@type\":\"PropertyValueSpecification\",\"valueRequired\":true,\"valueName\":\"search_term_string\"}}],\"inLanguage\":\"fi\"}]}<\/script>\n<!-- \/ Yoast SEO plugin. -->","yoast_head_json":{"title":"J\u00e4senkirje - Helsingin Munsk\u00e4nkarna","robots":{"index":"index","follow":"follow","max-snippet":"max-snippet:-1","max-image-preview":"max-image-preview:large","max-video-preview":"max-video-preview:-1"},"canonical":"https:\/\/munskankarna.org\/helsinki\/jasenkirje\/","og_locale":"fi_FI","og_type":"article","og_title":"J\u00e4senkirje - Helsingin Munsk\u00e4nkarna","og_description":"Helsingin Munsk\u00e4nkarna viestii j\u00e4senilleen ensisijaisesti s\u00e4hk\u00f6postilla l\u00e4hetett\u00e4vien j\u00e4senkirjeiden avulla. Voit ladata PDF-muotoisen j\u00e4senkirjeen my\u00f6s alta. Muistathan pit\u00e4\u00e4 s\u00e4hk\u00f6postiosoitteesi ajan tasalla! Ilmoita mahdolliset muutokset yhdistyksen sihteerille &gt;. Vuoden 2026 viimeisin j\u00e4senkirje Vuoden 2026 j\u00e4senkirjeet J\u00c4SENKIRJE_2_100326 J\u00c4SENKIRJE_1_310126 Katso my\u00f6s: Tastingeihin ilmoittautuminen &gt; Vanhoja j\u00e4senkirjeit\u00e4 &gt; Helsingin Munsk\u00e4nkarnan rekisteriseloste &gt; Helsingin Munsk\u00e4nkarnan tietosuojalausunto &gt;","og_url":"https:\/\/munskankarna.org\/helsinki\/jasenkirje\/","og_site_name":"Helsingin Munsk\u00e4nkarna","article_modified_time":"2026-03-10T11:43:06+00:00","og_image":[{"width":700,"height":1050,"url":"https:\/\/munskankarna.org\/helsinki\/wp-content\/uploads\/sites\/2\/2020\/11\/ROY4323_pieni.jpg","type":"image\/jpeg"}],"twitter_card":"summary_large_image","twitter_misc":{"Arvioitu lukuaika":"1 minuutti"},"schema":{"@context":"https:\/\/schema.org","@graph":[{"@type":"WebPage","@id":"https:\/\/munskankarna.org\/helsinki\/jasenkirje\/","url":"https:\/\/munskankarna.org\/helsinki\/jasenkirje\/","name":"J\u00e4senkirje - Helsingin Munsk\u00e4nkarna","isPartOf":{"@id":"https:\/\/munskankarna.org\/helsinki\/#website"},"primaryImageOfPage":{"@id":"https:\/\/munskankarna.org\/helsinki\/jasenkirje\/#primaryimage"},"image":{"@id":"https:\/\/munskankarna.org\/helsinki\/jasenkirje\/#primaryimage"},"thumbnailUrl":"https:\/\/munskankarna.org\/helsinki\/wp-content\/uploads\/sites\/2\/2020\/11\/ROY4323_pieni-683x1024.jpg","datePublished":"2013-05-23T19:49:03+00:00","dateModified":"2026-03-10T11:43:06+00:00","breadcrumb":{"@id":"https:\/\/munskankarna.org\/helsinki\/jasenkirje\/#breadcrumb"},"inLanguage":"fi","potentialAction":[{"@type":"ReadAction","target":["https:\/\/munskankarna.org\/helsinki\/jasenkirje\/"]}]},{"@type":"ImageObject","inLanguage":"fi","@id":"https:\/\/munskankarna.org\/helsinki\/jasenkirje\/#primaryimage","url":"https:\/\/munskankarna.org\/helsinki\/wp-content\/uploads\/sites\/2\/2020\/11\/ROY4323_pieni.jpg","contentUrl":"https:\/\/munskankarna.org\/helsinki\/wp-content\/uploads\/sites\/2\/2020\/11\/ROY4323_pieni.jpg","width":700,"height":1050},{"@type":"BreadcrumbList","@id":"https:\/\/munskankarna.org\/helsinki\/jasenkirje\/#breadcrumb","itemListElement":[{"@type":"ListItem","position":1,"name":"Home","item":"https:\/\/munskankarna.org\/helsinki\/"},{"@type":"ListItem","position":2,"name":"J\u00e4senkirje"}]},{"@type":"WebSite","@id":"https:\/\/munskankarna.org\/helsinki\/#website","url":"https:\/\/munskankarna.org\/helsinki\/","name":"Helsingin Munsk\u00e4nkarna","description":"Suomen Munsk\u00e4nkarna ry:n Helsingin paikallisseura","potentialAction":[{"@type":"SearchAction","target":{"@type":"EntryPoint","urlTemplate":"https:\/\/munskankarna.org\/helsinki\/?s={search_term_string}"},"query-input":{"@type":"PropertyValueSpecification","valueRequired":true,"valueName":"search_term_string"}}],"inLanguage":"fi"}]}},"_links":{"self":[{"href":"https:\/\/munskankarna.org\/helsinki\/wp-json\/wp\/v2\/pages\/14","targetHints":{"allow":["GET"]}}],"collection":[{"href":"https:\/\/munskankarna.org\/helsinki\/wp-json\/wp\/v2\/pages"}],"about":[{"href":"https:\/\/munskankarna.org\/helsinki\/wp-json\/wp\/v2\/types\/page"}],"author":[{"embeddable":true,"href":"https:\/\/munskankarna.org\/helsinki\/wp-json\/wp\/v2\/users\/24"}],"replies":[{"embeddable":true,"href":"https:\/\/munskankarna.org\/helsinki\/wp-json\/wp\/v2\/comments?post=14"}],"version-history":[{"count":175,"href":"https:\/\/munskankarna.org\/helsinki\/wp-json\/wp\/v2\/pages\/14\/revisions"}],"predecessor-version":[{"id":684,"href":"https:\/\/munskankarna.org\/helsinki\/wp-json\/wp\/v2\/pages\/14\/revisions\/684"}],"wp:attachment":[{"href":"https:\/\/munskankarna.org\/helsinki\/wp-json\/wp\/v2\/media?parent=14"}],"curies":[{"name":"wp","href":"https:\/\/api.w.org\/{rel}","templated":true}]}}