{"id":26,"date":"2013-05-23T22:54:40","date_gmt":"2013-05-23T19:54:40","guid":{"rendered":"http:\/\/munska.siiksten.webfactional.com\/helsinki\/?page_id=26"},"modified":"2023-02-13T16:31:16","modified_gmt":"2023-02-13T14:31:16","slug":"linkit","status":"publish","type":"page","link":"https:\/\/munskankarna.org\/helsinki\/linkit\/","title":{"rendered":"Linkit"},"content":{"rendered":"<ul>\r\n<li><a href=\"https:\/\/www.facebook.com\/groups\/hmunska\/?fref=ts\" target=\"_blank\" rel=\"noopener noreferrer\">Helsingin Munskan Facebook-ryhm\u00e4 &gt;<\/a><br \/>Helsingin Munsk\u00e4nkarnalla on Facebookissa k\u00e4yt\u00f6ss\u00e4\u00e4n suljettu ryhm\u00e4 nimell\u00e4 \u201dViiniseura<br \/>Helsingin Munsk\u00e4nkarna ry\u201d. Ryhm\u00e4\u00e4n ovat tervetulleita kaikki Hgin Munskan j\u00e4senet, jotka voivat puolestaan vapaasti postata ryhm\u00e4ss\u00e4 erilaisista viinimaailman aiheista ja uutisista. Tule sin\u00e4kin mukaan!<\/li>\r\n<\/ul>\r\n\r\n\r\n<h3 class=\"wp-block-heading\">Keskushallinnon kotisivuja ja yhteystietoja<\/h3>\r\n\r\n\r\n\r\n<ul class=\"wp-block-list\"><li><a rel=\"noreferrer noopener\" href=\"https:\/\/munskankarna.org\/\" target=\"_blank\">Suomen Munsk\u00e4nkarna ry &gt;<\/a><br>Suomen Munsk\u00e4nkarnan kotisivut. Sivulta saat tietoa Suomen Munsk\u00e4nkarnasta ja linkit muiden suomenkielisten paikallisyhdistysten sivuille.<\/li><li><a rel=\"noreferrer noopener\" href=\"http:\/\/www.munskankarna.se\/\" target=\"_blank\">F\u00f6reningen Munsk\u00e4nkarna &gt;<\/a><br>Maailman suurimman viiniseura Munsk\u00e4nkarnan kotisivut. <\/li><\/ul>\r\n\r\n\r\n\r\n<h3 class=\"wp-block-heading\">Munsk\u00e4nkarnan yhteisty\u00f6tahoja<\/h3>\r\n\r\n\r\n\r\n<ul class=\"wp-block-list\"><li> <a rel=\"noreferrer noopener\" href=\"http:\/\/www.viinilehti.fi\/\" target=\"_blank\">www.viinilehti.fi &gt;<\/a><br>Helsingin Munk\u00e4nkarnan pitk\u00e4aikaisen j\u00e4senlehden kotisivut.<\/li><li><a rel=\"noreferrer noopener\" href=\"http:\/\/www.vuodenviinit.fi\/\" target=\"_blank\">www.vuodenviinit.fi &gt;<\/a><br>Vuoden Viinit -kilpailun kotisivut. Helsingin Munsk\u00e4nkarna ja sen j\u00e4senet ovat vuosien ajan osallistuneet kisan tuomarity\u00f6skentelyyn.<\/li><li><a rel=\"noreferrer noopener\" href=\"http:\/\/www.alko.fi\/\" target=\"_blank\">www.alko.fi&gt; <\/a><\/li><li><a rel=\"noreferrer noopener\" href=\"http:\/\/www.systembolaget.se\/\" target=\"_blank\">www.systembolaget.se &gt;<\/a><\/li><\/ul>\r\n\r\n\r\n\r\n<h3 class=\"wp-block-heading\">Merkitt\u00e4vi\u00e4 viinisivustoja<\/h3>\r\n\r\n\r\n\r\n<ul class=\"wp-block-list\"><li><a rel=\"noreferrer noopener\" href=\"http:\/\/www.winespectator.com\/\" target=\"_blank\">www.winespectator.com &gt;<\/a><br>Amerikkalaisen viinilehden laaja sivusto.<\/li><li><a rel=\"noreferrer noopener\" href=\"http:\/\/www.weinguide.de\/index.html\" target=\"_blank\">www.weinguide.de &gt;<\/a><br>Viintietoutta saksalaisista viineist\u00e4.<\/li><li><a rel=\"noreferrer noopener\" aria-label=\" (avautuu uudessa v\u00e4lilehdess\u00e4)\" href=\"http:\/\/wineloverspage.com\/\" target=\"_blank\">www.wineloverspage.com &gt;<\/a><br>Monitahoinen viinisivusto.<\/li><li><a rel=\"noreferrer noopener\" href=\"http:\/\/www.ranskalaisiaviineja.com\/\" target=\"_blank\">www.ranskalaisiaviineja.com &gt;<\/a><br>-Tietopaketti ranskalaisista viineist\u00e4.<\/li><li><a rel=\"noreferrer noopener\" href=\"http:\/\/www.filewine.es\/\" target=\"_blank\">www.filewine.es &gt;<\/a><br>Johdatus espanjalaisten viinien maailmaan (my\u00f6s englanniksi).<\/li><li> <a rel=\"noreferrer noopener\" href=\"http:\/\/www.australianwines.com\/\" target=\"_blank\">www.australianwines.com &gt;<\/a><br>Tietopaketti australialaisten viinituottajien sivustoista. <\/li><\/ul>\r\n\r\n\r\n\r\n<p><\/p>\r\n","protected":false},"excerpt":{"rendered":"<p>Helsingin Munskan Facebook-ryhm\u00e4 &gt;Helsingin Munsk\u00e4nkarnalla on Facebookissa k\u00e4yt\u00f6ss\u00e4\u00e4n suljettu ryhm\u00e4 nimell\u00e4 \u201dViiniseuraHelsingin Munsk\u00e4nkarna ry\u201d. Ryhm\u00e4\u00e4n ovat tervetulleita kaikki Hgin Munskan j\u00e4senet, jotka voivat puolestaan vapaasti postata ryhm\u00e4ss\u00e4 erilaisista viinimaailman aiheista ja uutisista. Tule sin\u00e4kin mukaan! Keskushallinnon kotisivuja ja yhteystietoja Suomen Munsk\u00e4nkarna ry &gt;Suomen Munsk\u00e4nkarnan kotisivut. Sivulta saat tietoa Suomen Munsk\u00e4nkarnasta ja linkit muiden suomenkielisten paikallisyhdistysten [&hellip;]<\/p>\n","protected":false},"author":24,"featured_media":0,"parent":0,"menu_order":5,"comment_status":"closed","ping_status":"open","template":"","meta":{"_monsterinsights_skip_tracking":false,"_monsterinsights_sitenote_active":false,"_monsterinsights_sitenote_note":"","_monsterinsights_sitenote_category":0,"footnotes":""},"class_list":["post-26","page","type-page","status-publish","hentry"],"yoast_head":"<!-- This site is optimized with the Yoast SEO plugin v27.0 - https:\/\/yoast.com\/product\/yoast-seo-wordpress\/ -->\n<title>Linkit - Helsingin Munsk\u00e4nkarna<\/title>\n<meta name=\"robots\" content=\"index, follow, max-snippet:-1, max-image-preview:large, max-video-preview:-1\" \/>\n<link rel=\"canonical\" href=\"https:\/\/munskankarna.org\/helsinki\/linkit\/\" \/>\n<meta property=\"og:locale\" content=\"fi_FI\" \/>\n<meta property=\"og:type\" content=\"article\" \/>\n<meta property=\"og:title\" content=\"Linkit - Helsingin Munsk\u00e4nkarna\" \/>\n<meta property=\"og:description\" content=\"Helsingin Munskan Facebook-ryhm\u00e4 &gt;Helsingin Munsk\u00e4nkarnalla on Facebookissa k\u00e4yt\u00f6ss\u00e4\u00e4n suljettu ryhm\u00e4 nimell\u00e4 \u201dViiniseuraHelsingin Munsk\u00e4nkarna ry\u201d. Ryhm\u00e4\u00e4n ovat tervetulleita kaikki Hgin Munskan j\u00e4senet, jotka voivat puolestaan vapaasti postata ryhm\u00e4ss\u00e4 erilaisista viinimaailman aiheista ja uutisista. Tule sin\u00e4kin mukaan! Keskushallinnon kotisivuja ja yhteystietoja Suomen Munsk\u00e4nkarna ry &gt;Suomen Munsk\u00e4nkarnan kotisivut. Sivulta saat tietoa Suomen Munsk\u00e4nkarnasta ja linkit muiden suomenkielisten paikallisyhdistysten [&hellip;]\" \/>\n<meta property=\"og:url\" content=\"https:\/\/munskankarna.org\/helsinki\/linkit\/\" \/>\n<meta property=\"og:site_name\" content=\"Helsingin Munsk\u00e4nkarna\" \/>\n<meta property=\"article:modified_time\" content=\"2023-02-13T14:31:16+00:00\" \/>\n<meta name=\"twitter:card\" content=\"summary_large_image\" \/>\n<meta name=\"twitter:label1\" content=\"Arvioitu lukuaika\" \/>\n\t<meta name=\"twitter:data1\" content=\"1 minuutti\" \/>\n<script type=\"application\/ld+json\" class=\"yoast-schema-graph\">{\"@context\":\"https:\/\/schema.org\",\"@graph\":[{\"@type\":\"WebPage\",\"@id\":\"https:\/\/munskankarna.org\/helsinki\/linkit\/\",\"url\":\"https:\/\/munskankarna.org\/helsinki\/linkit\/\",\"name\":\"Linkit - Helsingin Munsk\u00e4nkarna\",\"isPartOf\":{\"@id\":\"https:\/\/munskankarna.org\/helsinki\/#website\"},\"datePublished\":\"2013-05-23T19:54:40+00:00\",\"dateModified\":\"2023-02-13T14:31:16+00:00\",\"breadcrumb\":{\"@id\":\"https:\/\/munskankarna.org\/helsinki\/linkit\/#breadcrumb\"},\"inLanguage\":\"fi\",\"potentialAction\":[{\"@type\":\"ReadAction\",\"target\":[\"https:\/\/munskankarna.org\/helsinki\/linkit\/\"]}]},{\"@type\":\"BreadcrumbList\",\"@id\":\"https:\/\/munskankarna.org\/helsinki\/linkit\/#breadcrumb\",\"itemListElement\":[{\"@type\":\"ListItem\",\"position\":1,\"name\":\"Home\",\"item\":\"https:\/\/munskankarna.org\/helsinki\/\"},{\"@type\":\"ListItem\",\"position\":2,\"name\":\"Linkit\"}]},{\"@type\":\"WebSite\",\"@id\":\"https:\/\/munskankarna.org\/helsinki\/#website\",\"url\":\"https:\/\/munskankarna.org\/helsinki\/\",\"name\":\"Helsingin Munsk\u00e4nkarna\",\"description\":\"Suomen Munsk\u00e4nkarna ry:n Helsingin paikallisseura\",\"potentialAction\":[{\"@type\":\"SearchAction\",\"target\":{\"@type\":\"EntryPoint\",\"urlTemplate\":\"https:\/\/munskankarna.org\/helsinki\/?s={search_term_string}\"},\"query-input\":{\"@type\":\"PropertyValueSpecification\",\"valueRequired\":true,\"valueName\":\"search_term_string\"}}],\"inLanguage\":\"fi\"}]}<\/script>\n<!-- \/ Yoast SEO plugin. -->","yoast_head_json":{"title":"Linkit - Helsingin Munsk\u00e4nkarna","robots":{"index":"index","follow":"follow","max-snippet":"max-snippet:-1","max-image-preview":"max-image-preview:large","max-video-preview":"max-video-preview:-1"},"canonical":"https:\/\/munskankarna.org\/helsinki\/linkit\/","og_locale":"fi_FI","og_type":"article","og_title":"Linkit - Helsingin Munsk\u00e4nkarna","og_description":"Helsingin Munskan Facebook-ryhm\u00e4 &gt;Helsingin Munsk\u00e4nkarnalla on Facebookissa k\u00e4yt\u00f6ss\u00e4\u00e4n suljettu ryhm\u00e4 nimell\u00e4 \u201dViiniseuraHelsingin Munsk\u00e4nkarna ry\u201d. Ryhm\u00e4\u00e4n ovat tervetulleita kaikki Hgin Munskan j\u00e4senet, jotka voivat puolestaan vapaasti postata ryhm\u00e4ss\u00e4 erilaisista viinimaailman aiheista ja uutisista. Tule sin\u00e4kin mukaan! Keskushallinnon kotisivuja ja yhteystietoja Suomen Munsk\u00e4nkarna ry &gt;Suomen Munsk\u00e4nkarnan kotisivut. Sivulta saat tietoa Suomen Munsk\u00e4nkarnasta ja linkit muiden suomenkielisten paikallisyhdistysten [&hellip;]","og_url":"https:\/\/munskankarna.org\/helsinki\/linkit\/","og_site_name":"Helsingin Munsk\u00e4nkarna","article_modified_time":"2023-02-13T14:31:16+00:00","twitter_card":"summary_large_image","twitter_misc":{"Arvioitu lukuaika":"1 minuutti"},"schema":{"@context":"https:\/\/schema.org","@graph":[{"@type":"WebPage","@id":"https:\/\/munskankarna.org\/helsinki\/linkit\/","url":"https:\/\/munskankarna.org\/helsinki\/linkit\/","name":"Linkit - Helsingin Munsk\u00e4nkarna","isPartOf":{"@id":"https:\/\/munskankarna.org\/helsinki\/#website"},"datePublished":"2013-05-23T19:54:40+00:00","dateModified":"2023-02-13T14:31:16+00:00","breadcrumb":{"@id":"https:\/\/munskankarna.org\/helsinki\/linkit\/#breadcrumb"},"inLanguage":"fi","potentialAction":[{"@type":"ReadAction","target":["https:\/\/munskankarna.org\/helsinki\/linkit\/"]}]},{"@type":"BreadcrumbList","@id":"https:\/\/munskankarna.org\/helsinki\/linkit\/#breadcrumb","itemListElement":[{"@type":"ListItem","position":1,"name":"Home","item":"https:\/\/munskankarna.org\/helsinki\/"},{"@type":"ListItem","position":2,"name":"Linkit"}]},{"@type":"WebSite","@id":"https:\/\/munskankarna.org\/helsinki\/#website","url":"https:\/\/munskankarna.org\/helsinki\/","name":"Helsingin Munsk\u00e4nkarna","description":"Suomen Munsk\u00e4nkarna ry:n Helsingin paikallisseura","potentialAction":[{"@type":"SearchAction","target":{"@type":"EntryPoint","urlTemplate":"https:\/\/munskankarna.org\/helsinki\/?s={search_term_string}"},"query-input":{"@type":"PropertyValueSpecification","valueRequired":true,"valueName":"search_term_string"}}],"inLanguage":"fi"}]}},"_links":{"self":[{"href":"https:\/\/munskankarna.org\/helsinki\/wp-json\/wp\/v2\/pages\/26","targetHints":{"allow":["GET"]}}],"collection":[{"href":"https:\/\/munskankarna.org\/helsinki\/wp-json\/wp\/v2\/pages"}],"about":[{"href":"https:\/\/munskankarna.org\/helsinki\/wp-json\/wp\/v2\/types\/page"}],"author":[{"embeddable":true,"href":"https:\/\/munskankarna.org\/helsinki\/wp-json\/wp\/v2\/users\/24"}],"replies":[{"embeddable":true,"href":"https:\/\/munskankarna.org\/helsinki\/wp-json\/wp\/v2\/comments?post=26"}],"version-history":[{"count":9,"href":"https:\/\/munskankarna.org\/helsinki\/wp-json\/wp\/v2\/pages\/26\/revisions"}],"predecessor-version":[{"id":572,"href":"https:\/\/munskankarna.org\/helsinki\/wp-json\/wp\/v2\/pages\/26\/revisions\/572"}],"wp:attachment":[{"href":"https:\/\/munskankarna.org\/helsinki\/wp-json\/wp\/v2\/media?parent=26"}],"curies":[{"name":"wp","href":"https:\/\/api.w.org\/{rel}","templated":true}]}}