{"version":"1.0","provider_name":"Jyv\u00e4skyl\u00e4n Munsk\u00e4nkarna","provider_url":"https:\/\/munskankarna.org\/jyvaskyla","author_name":"Maija-Liisa Siitari","author_url":"https:\/\/munskankarna.org\/jyvaskyla\/author\/maikkisiitari\/","title":"Marraskuu 2018: 20-vuotisjuhlaillallinen - Jyv\u00e4skyl\u00e4n Munsk\u00e4nkarna","type":"rich","width":600,"height":338,"html":"<blockquote class=\"wp-embedded-content\" data-secret=\"rwcJBsjv9U\"><a href=\"https:\/\/munskankarna.org\/jyvaskyla\/ajankohtaista\/marraskuu-2018-20-vuotisjuhlaillallinen\/\">Marraskuu 2018: 20-vuotisjuhlaillallinen<\/a><\/blockquote><iframe sandbox=\"allow-scripts\" security=\"restricted\" src=\"https:\/\/munskankarna.org\/jyvaskyla\/ajankohtaista\/marraskuu-2018-20-vuotisjuhlaillallinen\/embed\/#?secret=rwcJBsjv9U\" width=\"600\" height=\"338\" title=\"&#8221;Marraskuu 2018: 20-vuotisjuhlaillallinen&#8221; &#8212; Jyv\u00e4skyl\u00e4n Munsk\u00e4nkarna\" data-secret=\"rwcJBsjv9U\" frameborder=\"0\" marginwidth=\"0\" marginheight=\"0\" scrolling=\"no\" class=\"wp-embedded-content\"><\/iframe><script type=\"text\/javascript\">\n\/* <![CDATA[ *\/\n\/*! This file is auto-generated *\/\n!function(d,l){\"use strict\";l.querySelector&&d.addEventListener&&\"undefined\"!=typeof URL&&(d.wp=d.wp||{},d.wp.receiveEmbedMessage||(d.wp.receiveEmbedMessage=function(e){var t=e.data;if((t||t.secret||t.message||t.value)&&!\/[^a-zA-Z0-9]\/.test(t.secret)){for(var s,r,n,a=l.querySelectorAll('iframe[data-secret=\"'+t.secret+'\"]'),o=l.querySelectorAll('blockquote[data-secret=\"'+t.secret+'\"]'),c=new RegExp(\"^https?:$\",\"i\"),i=0;i<o.length;i++)o[i].style.display=\"none\";for(i=0;i<a.length;i++)s=a[i],e.source===s.contentWindow&&(s.removeAttribute(\"style\"),\"height\"===t.message?(1e3<(r=parseInt(t.value,10))?r=1e3:~~r<200&&(r=200),s.height=r):\"link\"===t.message&&(r=new URL(s.getAttribute(\"src\")),n=new URL(t.value),c.test(n.protocol))&&n.host===r.host&&l.activeElement===s&&(d.top.location.href=t.value))}},d.addEventListener(\"message\",d.wp.receiveEmbedMessage,!1),l.addEventListener(\"DOMContentLoaded\",function(){for(var e,t,s=l.querySelectorAll(\"iframe.wp-embedded-content\"),r=0;r<s.length;r++)(t=(e=s[r]).getAttribute(\"data-secret\"))||(t=Math.random().toString(36).substring(2,12),e.src+=\"#?secret=\"+t,e.setAttribute(\"data-secret\",t)),e.contentWindow.postMessage({message:\"ready\",secret:t},\"*\")},!1)))}(window,document);\n\/\/# sourceURL=https:\/\/munskankarna.org\/jyvaskyla\/wp-includes\/js\/wp-embed.min.js\n\/* ]]> *\/\n<\/script>\n","description":"Jyv\u00e4skyl\u00e4n Munsk\u00e4nkarna juhli 20-vuotistaivaltaan 9.11.2018 Vanhalla Fredalla. Nelisenkymment\u00e4 j\u00e4sent\u00e4 ja perustajaj\u00e4sent\u00e4 oli mukana muistelemassa menneiden vuosien ja vuosikymmenten hauskoja tapahtumia, antoisia koulutuksia ja unohtumattomia viinimatkoja. Mukana juhlassa oli my\u00f6s Suomen Munsk\u00e4nkarnan uusi puheenjohtaja, entinen j\u00e4senemme Samuli Jalkanen. Juhlassa nautimme erinomaisesta ateriasta ja viineist\u00e4: Alkumalja Champagne Walczak Brut Prestige Samettista nauriskeittoa paahdetulla savukyljell\u00e4 ja naurislastuilla David [&hellip;]"}

Jyväskylän Munskänkarna

Marraskuu 2018: 20-vuotisjuhlaillallinen - Jyväskylän Munskänkarna

<blockquote class="wp-embedded-content" data-secret="rwcJBsjv9U"><a href="https://munskankarna.org/jyvaskyla/ajankohtaista/marraskuu-2018-20-vuotisjuhlaillallinen/">Marraskuu 2018: 20-vuotisjuhlaillallinen</a></blockquote><iframe sandbox="allow-scripts" security="restricted" src="https://munskankarna.org/jyvaskyla/ajankohtaista/marraskuu-2018-20-vuotisjuhlaillallinen/embed/#?secret=rwcJBsjv9U" width="600" height="338" title="&#8221;Marraskuu 2018: 20-vuotisjuhlaillallinen&#8221; &#8212; Jyväskylän Munskänkarna" data-secret="rwcJBsjv9U" frameborder="0" marginwidth="0" marginheight="0" scrolling="no" class="wp-embedded-content"></iframe><script type="text/javascript">
/* <![CDATA[ */
/*! This file is auto-generated */
!function(d,l){"use strict";l.querySelector&&d.addEventListener&&"undefined"!=typeof URL&&(d.wp=d.wp||{},d.wp.receiveEmbedMessage||(d.wp.receiveEmbedMessage=function(e){var t=e.data;if((t||t.secret||t.message||t.value)&&!/[^a-zA-Z0-9]/.test(t.secret)){for(var s,r,n,a=l.querySelectorAll('iframe[data-secret="'+t.secret+'"]'),o=l.querySelectorAll('blockquote[data-secret="'+t.secret+'"]'),c=new RegExp("^https?:$","i"),i=0;i<o.length;i++)o[i].style.display="none";for(i=0;i<a.length;i++)s=a[i],e.source===s.contentWindow&&(s.removeAttribute("style"),"height"===t.message?(1e3<(r=parseInt(t.value,10))?r=1e3:~~r<200&&(r=200),s.height=r):"link"===t.message&&(r=new URL(s.getAttribute("src")),n=new URL(t.value),c.test(n.protocol))&&n.host===r.host&&l.activeElement===s&&(d.top.location.href=t.value))}},d.addEventListener("message",d.wp.receiveEmbedMessage,!1),l.addEventListener("DOMContentLoaded",function(){for(var e,t,s=l.querySelectorAll("iframe.wp-embedded-content"),r=0;r<s.length;r++)(t=(e=s[r]).getAttribute("data-secret"))||(t=Math.random().toString(36).substring(2,12),e.src+="#?secret="+t,e.setAttribute("data-secret",t)),e.contentWindow.postMessage({message:"ready",secret:t},"*")},!1)))}(window,document);
//# sourceURL=https://munskankarna.org/jyvaskyla/wp-includes/js/wp-embed.min.js
/* ]]> */
</script>

Jyväskylän Munskänkarna juhli 20-vuotistaivaltaan 9.11.2018 Vanhalla Fredalla. Nelisenkymmentä jäsentä ja perustajajäsentä oli mukana muistelemassa menneiden vuosien ja vuosikymmenten hauskoja tapahtumia, antoisia koulutuksia ja unohtumattomia viinimatkoja. Mukana juhlassa oli myös Suomen Munskänkarnan uusi puheenjohtaja, entinen jäsenemme Samuli Jalkanen. Juhlassa nautimme erinomaisesta ateriasta ja viineistä: Alkumalja Champagne Walczak Brut Prestige Samettista nauriskeittoa paahdetulla savukyljellä ja naurislastuilla David [&hellip;]
