{"id":33,"date":"2014-01-29T11:11:54","date_gmt":"2014-01-29T09:11:54","guid":{"rendered":"http:\/\/www.munskankarna.org\/jkl\/?page_id=33"},"modified":"2025-11-21T08:24:01","modified_gmt":"2025-11-21T06:24:01","slug":"koulutukset","status":"publish","type":"page","link":"https:\/\/munskankarna.org\/jyvaskyla\/koulutukset\/","title":{"rendered":"Koulutukset"},"content":{"rendered":"<p>Omaa viinitiet\u00e4myst\u00e4\u00e4n voi syvent\u00e4\u00e4 koulutuksissamme ja tasokokeissa, joiden materiaaleista vastaa Suomen Munsk\u00e4nkarna ry. Viiniasiantuntemustaan voi testata kolmella eri taso- ja yhdell\u00e4 ryp\u00e4lekokeella.<\/p>\n<p>Viiniyhdistyksemme toteuttaa koulutuksia j\u00e4senilleen vuosittain kysynn\u00e4n mukaan.<\/p>\n<p>Lue lis\u00e4\u00e4 koulutuksista:<br \/>\n<a href=\"https:\/\/munskankarna.org\/koulutus\/\" target=\"_blank\" rel=\"noopener noreferrer\">Suomen Munsk\u00e4nkarnan koulutukset<\/a><\/p>\n","protected":false},"excerpt":{"rendered":"<p>Omaa viinitiet\u00e4myst\u00e4\u00e4n voi syvent\u00e4\u00e4 koulutuksissamme ja tasokokeissa, joiden materiaaleista vastaa Suomen Munsk\u00e4nkarna ry. Viiniasiantuntemustaan voi testata kolmella eri taso- ja yhdell\u00e4 ryp\u00e4lekokeella. Viiniyhdistyksemme toteuttaa koulutuksia j\u00e4senilleen vuosittain kysynn\u00e4n mukaan. Lue lis\u00e4\u00e4 koulutuksista: Suomen Munsk\u00e4nkarnan koulutukset<\/p>\n","protected":false},"author":6,"featured_media":0,"parent":0,"menu_order":5,"comment_status":"closed","ping_status":"open","template":"","meta":{"_monsterinsights_skip_tracking":false,"_monsterinsights_sitenote_active":false,"_monsterinsights_sitenote_note":"","_monsterinsights_sitenote_category":0,"_uf_show_specific_survey":0,"_uf_disable_surveys":false,"footnotes":""},"class_list":["post-33","page","type-page","status-publish","hentry"],"yoast_head":"<!-- This site is optimized with the Yoast SEO plugin v27.0 - https:\/\/yoast.com\/product\/yoast-seo-wordpress\/ -->\n<title>Koulutukset - Jyv\u00e4skyl\u00e4n Munsk\u00e4nkarna<\/title>\n<meta name=\"robots\" content=\"index, follow, max-snippet:-1, max-image-preview:large, max-video-preview:-1\" \/>\n<link rel=\"canonical\" href=\"https:\/\/munskankarna.org\/jyvaskyla\/koulutukset\/\" \/>\n<meta property=\"og:locale\" content=\"fi_FI\" \/>\n<meta property=\"og:type\" content=\"article\" \/>\n<meta property=\"og:title\" content=\"Koulutukset - Jyv\u00e4skyl\u00e4n Munsk\u00e4nkarna\" \/>\n<meta property=\"og:description\" content=\"Omaa viinitiet\u00e4myst\u00e4\u00e4n voi syvent\u00e4\u00e4 koulutuksissamme ja tasokokeissa, joiden materiaaleista vastaa Suomen Munsk\u00e4nkarna ry. Viiniasiantuntemustaan voi testata kolmella eri taso- ja yhdell\u00e4 ryp\u00e4lekokeella. Viiniyhdistyksemme toteuttaa koulutuksia j\u00e4senilleen vuosittain kysynn\u00e4n mukaan. Lue lis\u00e4\u00e4 koulutuksista: Suomen Munsk\u00e4nkarnan koulutukset\" \/>\n<meta property=\"og:url\" content=\"https:\/\/munskankarna.org\/jyvaskyla\/koulutukset\/\" \/>\n<meta property=\"og:site_name\" content=\"Jyv\u00e4skyl\u00e4n Munsk\u00e4nkarna\" \/>\n<meta property=\"article:modified_time\" content=\"2025-11-21T06:24:01+00:00\" \/>\n<meta name=\"twitter:card\" content=\"summary_large_image\" \/>\n<meta name=\"twitter:label1\" content=\"Arvioitu lukuaika\" \/>\n\t<meta name=\"twitter:data1\" content=\"1 minuutti\" \/>\n<script type=\"application\/ld+json\" class=\"yoast-schema-graph\">{\"@context\":\"https:\/\/schema.org\",\"@graph\":[{\"@type\":\"WebPage\",\"@id\":\"https:\/\/munskankarna.org\/jyvaskyla\/koulutukset\/\",\"url\":\"https:\/\/munskankarna.org\/jyvaskyla\/koulutukset\/\",\"name\":\"Koulutukset - Jyv\u00e4skyl\u00e4n Munsk\u00e4nkarna\",\"isPartOf\":{\"@id\":\"https:\/\/munskankarna.org\/jyvaskyla\/#website\"},\"datePublished\":\"2014-01-29T09:11:54+00:00\",\"dateModified\":\"2025-11-21T06:24:01+00:00\",\"breadcrumb\":{\"@id\":\"https:\/\/munskankarna.org\/jyvaskyla\/koulutukset\/#breadcrumb\"},\"inLanguage\":\"fi\",\"potentialAction\":[{\"@type\":\"ReadAction\",\"target\":[\"https:\/\/munskankarna.org\/jyvaskyla\/koulutukset\/\"]}]},{\"@type\":\"BreadcrumbList\",\"@id\":\"https:\/\/munskankarna.org\/jyvaskyla\/koulutukset\/#breadcrumb\",\"itemListElement\":[{\"@type\":\"ListItem\",\"position\":1,\"name\":\"Home\",\"item\":\"https:\/\/munskankarna.org\/jyvaskyla\/\"},{\"@type\":\"ListItem\",\"position\":2,\"name\":\"Koulutukset\"}]},{\"@type\":\"WebSite\",\"@id\":\"https:\/\/munskankarna.org\/jyvaskyla\/#website\",\"url\":\"https:\/\/munskankarna.org\/jyvaskyla\/\",\"name\":\"Jyv\u00e4skyl\u00e4n Munsk\u00e4nkarna\",\"description\":\"Tastingeja ja koulutusta jo vuodesta 1998\",\"potentialAction\":[{\"@type\":\"SearchAction\",\"target\":{\"@type\":\"EntryPoint\",\"urlTemplate\":\"https:\/\/munskankarna.org\/jyvaskyla\/?s={search_term_string}\"},\"query-input\":{\"@type\":\"PropertyValueSpecification\",\"valueRequired\":true,\"valueName\":\"search_term_string\"}}],\"inLanguage\":\"fi\"}]}<\/script>\n<!-- \/ Yoast SEO plugin. -->","yoast_head_json":{"title":"Koulutukset - Jyv\u00e4skyl\u00e4n Munsk\u00e4nkarna","robots":{"index":"index","follow":"follow","max-snippet":"max-snippet:-1","max-image-preview":"max-image-preview:large","max-video-preview":"max-video-preview:-1"},"canonical":"https:\/\/munskankarna.org\/jyvaskyla\/koulutukset\/","og_locale":"fi_FI","og_type":"article","og_title":"Koulutukset - Jyv\u00e4skyl\u00e4n Munsk\u00e4nkarna","og_description":"Omaa viinitiet\u00e4myst\u00e4\u00e4n voi syvent\u00e4\u00e4 koulutuksissamme ja tasokokeissa, joiden materiaaleista vastaa Suomen Munsk\u00e4nkarna ry. Viiniasiantuntemustaan voi testata kolmella eri taso- ja yhdell\u00e4 ryp\u00e4lekokeella. Viiniyhdistyksemme toteuttaa koulutuksia j\u00e4senilleen vuosittain kysynn\u00e4n mukaan. Lue lis\u00e4\u00e4 koulutuksista: Suomen Munsk\u00e4nkarnan koulutukset","og_url":"https:\/\/munskankarna.org\/jyvaskyla\/koulutukset\/","og_site_name":"Jyv\u00e4skyl\u00e4n Munsk\u00e4nkarna","article_modified_time":"2025-11-21T06:24:01+00:00","twitter_card":"summary_large_image","twitter_misc":{"Arvioitu lukuaika":"1 minuutti"},"schema":{"@context":"https:\/\/schema.org","@graph":[{"@type":"WebPage","@id":"https:\/\/munskankarna.org\/jyvaskyla\/koulutukset\/","url":"https:\/\/munskankarna.org\/jyvaskyla\/koulutukset\/","name":"Koulutukset - Jyv\u00e4skyl\u00e4n Munsk\u00e4nkarna","isPartOf":{"@id":"https:\/\/munskankarna.org\/jyvaskyla\/#website"},"datePublished":"2014-01-29T09:11:54+00:00","dateModified":"2025-11-21T06:24:01+00:00","breadcrumb":{"@id":"https:\/\/munskankarna.org\/jyvaskyla\/koulutukset\/#breadcrumb"},"inLanguage":"fi","potentialAction":[{"@type":"ReadAction","target":["https:\/\/munskankarna.org\/jyvaskyla\/koulutukset\/"]}]},{"@type":"BreadcrumbList","@id":"https:\/\/munskankarna.org\/jyvaskyla\/koulutukset\/#breadcrumb","itemListElement":[{"@type":"ListItem","position":1,"name":"Home","item":"https:\/\/munskankarna.org\/jyvaskyla\/"},{"@type":"ListItem","position":2,"name":"Koulutukset"}]},{"@type":"WebSite","@id":"https:\/\/munskankarna.org\/jyvaskyla\/#website","url":"https:\/\/munskankarna.org\/jyvaskyla\/","name":"Jyv\u00e4skyl\u00e4n Munsk\u00e4nkarna","description":"Tastingeja ja koulutusta jo vuodesta 1998","potentialAction":[{"@type":"SearchAction","target":{"@type":"EntryPoint","urlTemplate":"https:\/\/munskankarna.org\/jyvaskyla\/?s={search_term_string}"},"query-input":{"@type":"PropertyValueSpecification","valueRequired":true,"valueName":"search_term_string"}}],"inLanguage":"fi"}]}},"aioseo_notices":[],"_links":{"self":[{"href":"https:\/\/munskankarna.org\/jyvaskyla\/wp-json\/wp\/v2\/pages\/33","targetHints":{"allow":["GET"]}}],"collection":[{"href":"https:\/\/munskankarna.org\/jyvaskyla\/wp-json\/wp\/v2\/pages"}],"about":[{"href":"https:\/\/munskankarna.org\/jyvaskyla\/wp-json\/wp\/v2\/types\/page"}],"author":[{"embeddable":true,"href":"https:\/\/munskankarna.org\/jyvaskyla\/wp-json\/wp\/v2\/users\/6"}],"replies":[{"embeddable":true,"href":"https:\/\/munskankarna.org\/jyvaskyla\/wp-json\/wp\/v2\/comments?post=33"}],"version-history":[{"count":29,"href":"https:\/\/munskankarna.org\/jyvaskyla\/wp-json\/wp\/v2\/pages\/33\/revisions"}],"predecessor-version":[{"id":2000,"href":"https:\/\/munskankarna.org\/jyvaskyla\/wp-json\/wp\/v2\/pages\/33\/revisions\/2000"}],"wp:attachment":[{"href":"https:\/\/munskankarna.org\/jyvaskyla\/wp-json\/wp\/v2\/media?parent=33"}],"curies":[{"name":"wp","href":"https:\/\/api.w.org\/{rel}","templated":true}]}}