{"id":19,"date":"2017-05-18T12:44:04","date_gmt":"2017-05-18T09:44:04","guid":{"rendered":"http:\/\/www.munskankarna.org\/kuopio\/?page_id=19"},"modified":"2025-12-23T00:10:55","modified_gmt":"2025-12-22T22:10:55","slug":"yhdistys","status":"publish","type":"page","link":"https:\/\/munskankarna.org\/kuopio\/yhdistys\/","title":{"rendered":"Yhdistys"},"content":{"rendered":"<p>Viiniharrastelijoiden ja nautiskelijoiden yhdistys Kuopion Munskank\u00e4rn\u00e4 Ry on perustettu vuonna 2016. J\u00e4senm\u00e4\u00e4r\u00e4mme on t\u00e4ll\u00e4 hetkell\u00e4 30.<\/p>\n<p>J\u00e4rjest\u00e4mme vuosittain 7 \u2013 9 tastingia eri viineist\u00e4. Teemme my\u00f6s vierailuja paikallisiin viineihin liittyviin yrityksiin. Tastingeja pit\u00e4v\u00e4t j\u00e4senemme ja v\u00e4lill\u00e4 meill\u00e4 on my\u00f6s ulkopuolisia vierailijoita. Kev\u00e4isin tastingin tilalla on yhteinen ruoanlaittolauantai, jossa kokkaamme yhdess\u00e4 ja maistelemme ruokiin sopivia viinej\u00e4. Toimimme hyvin matalalla kynnyksell\u00e4, ja j\u00e4seni\u00e4mme yhdist\u00e4\u00e4 kiinnostus viineist\u00e4.<\/p>\n<p>Toteutamme j\u00e4senillemme my\u00f6s koulutusta. Omaa viiniasiantuntemustaan voi testata kolmella eri taso- ja yhdell\u00e4 ryp\u00e4lekokeella, joiden materiaalista vastaa Suomen Munsk\u00e4nkarna ry.<\/p>\n<p>Jos olet kiinnostunut viineist\u00e4, niin tervetuloa Kuopion Munskank\u00e4rnan toimintaan mukaan! Ota yhteytt\u00e4 puheenjohtajaamme tai sihteeriimme; kerromme toiminnastamme mielell\u00e4\u00e4n lis\u00e4\u00e4!<\/p>\n","protected":false},"excerpt":{"rendered":"<p>Viiniharrastelijoiden ja nautiskelijoiden yhdistys Kuopion Munskank\u00e4rn\u00e4 Ry on perustettu vuonna 2016. J\u00e4senm\u00e4\u00e4r\u00e4mme on t\u00e4ll\u00e4 hetkell\u00e4 30. J\u00e4rjest\u00e4mme vuosittain 7 \u2013 9 tastingia eri viineist\u00e4. Teemme my\u00f6s vierailuja paikallisiin viineihin liittyviin yrityksiin. Tastingeja pit\u00e4v\u00e4t j\u00e4senemme ja v\u00e4lill\u00e4 meill\u00e4 on my\u00f6s ulkopuolisia vierailijoita. Kev\u00e4isin tastingin tilalla on yhteinen ruoanlaittolauantai, jossa kokkaamme yhdess\u00e4 ja maistelemme ruokiin sopivia viinej\u00e4. [&hellip;]<\/p>\n","protected":false},"author":1,"featured_media":0,"parent":0,"menu_order":2,"comment_status":"closed","ping_status":"closed","template":"","meta":{"footnotes":""},"class_list":["post-19","page","type-page","status-publish","hentry"],"yoast_head":"<!-- This site is optimized with the Yoast SEO plugin v27.3 - https:\/\/yoast.com\/product\/yoast-seo-wordpress\/ -->\n<title>Yhdistys - Kuopion Munsk\u00e4nkarna<\/title>\n<meta name=\"robots\" content=\"noindex, follow, max-snippet:-1, max-image-preview:large, max-video-preview:-1\" \/>\n<meta property=\"og:locale\" content=\"fi_FI\" \/>\n<meta property=\"og:type\" content=\"article\" \/>\n<meta property=\"og:title\" content=\"Yhdistys - Kuopion Munsk\u00e4nkarna\" \/>\n<meta property=\"og:description\" content=\"Viiniharrastelijoiden ja nautiskelijoiden yhdistys Kuopion Munskank\u00e4rn\u00e4 Ry on perustettu vuonna 2016. J\u00e4senm\u00e4\u00e4r\u00e4mme on t\u00e4ll\u00e4 hetkell\u00e4 30. J\u00e4rjest\u00e4mme vuosittain 7 \u2013 9 tastingia eri viineist\u00e4. Teemme my\u00f6s vierailuja paikallisiin viineihin liittyviin yrityksiin. Tastingeja pit\u00e4v\u00e4t j\u00e4senemme ja v\u00e4lill\u00e4 meill\u00e4 on my\u00f6s ulkopuolisia vierailijoita. Kev\u00e4isin tastingin tilalla on yhteinen ruoanlaittolauantai, jossa kokkaamme yhdess\u00e4 ja maistelemme ruokiin sopivia viinej\u00e4. [&hellip;]\" \/>\n<meta property=\"og:url\" content=\"https:\/\/munskankarna.org\/kuopio\/yhdistys\/\" \/>\n<meta property=\"og:site_name\" content=\"Kuopion Munsk\u00e4nkarna\" \/>\n<meta property=\"article:modified_time\" content=\"2025-12-22T22:10:55+00:00\" \/>\n<meta name=\"twitter:card\" content=\"summary_large_image\" \/>\n<meta name=\"twitter:label1\" content=\"Arvioitu lukuaika\" \/>\n\t<meta name=\"twitter:data1\" content=\"1 minuutti\" \/>\n<script type=\"application\/ld+json\" class=\"yoast-schema-graph\">{\"@context\":\"https:\\\/\\\/schema.org\",\"@graph\":[{\"@type\":\"WebPage\",\"@id\":\"https:\\\/\\\/munskankarna.org\\\/kuopio\\\/yhdistys\\\/\",\"url\":\"https:\\\/\\\/munskankarna.org\\\/kuopio\\\/yhdistys\\\/\",\"name\":\"Yhdistys - Kuopion Munsk\u00e4nkarna\",\"isPartOf\":{\"@id\":\"https:\\\/\\\/munskankarna.org\\\/kuopio\\\/#website\"},\"datePublished\":\"2017-05-18T09:44:04+00:00\",\"dateModified\":\"2025-12-22T22:10:55+00:00\",\"breadcrumb\":{\"@id\":\"https:\\\/\\\/munskankarna.org\\\/kuopio\\\/yhdistys\\\/#breadcrumb\"},\"inLanguage\":\"fi\",\"potentialAction\":[{\"@type\":\"ReadAction\",\"target\":[\"https:\\\/\\\/munskankarna.org\\\/kuopio\\\/yhdistys\\\/\"]}]},{\"@type\":\"BreadcrumbList\",\"@id\":\"https:\\\/\\\/munskankarna.org\\\/kuopio\\\/yhdistys\\\/#breadcrumb\",\"itemListElement\":[{\"@type\":\"ListItem\",\"position\":1,\"name\":\"Home\",\"item\":\"https:\\\/\\\/munskankarna.org\\\/kuopio\\\/\"},{\"@type\":\"ListItem\",\"position\":2,\"name\":\"Yhdistys\"}]},{\"@type\":\"WebSite\",\"@id\":\"https:\\\/\\\/munskankarna.org\\\/kuopio\\\/#website\",\"url\":\"https:\\\/\\\/munskankarna.org\\\/kuopio\\\/\",\"name\":\"Kuopion Munsk\u00e4nkarna\",\"description\":\"Viininmaistajaisia ja koulutuksia vuodesta 2016\",\"potentialAction\":[{\"@type\":\"SearchAction\",\"target\":{\"@type\":\"EntryPoint\",\"urlTemplate\":\"https:\\\/\\\/munskankarna.org\\\/kuopio\\\/?s={search_term_string}\"},\"query-input\":{\"@type\":\"PropertyValueSpecification\",\"valueRequired\":true,\"valueName\":\"search_term_string\"}}],\"inLanguage\":\"fi\"}]}<\/script>\n<!-- \/ Yoast SEO plugin. -->","yoast_head_json":{"title":"Yhdistys - Kuopion Munsk\u00e4nkarna","robots":{"index":"noindex","follow":"follow","max-snippet":"max-snippet:-1","max-image-preview":"max-image-preview:large","max-video-preview":"max-video-preview:-1"},"og_locale":"fi_FI","og_type":"article","og_title":"Yhdistys - Kuopion Munsk\u00e4nkarna","og_description":"Viiniharrastelijoiden ja nautiskelijoiden yhdistys Kuopion Munskank\u00e4rn\u00e4 Ry on perustettu vuonna 2016. J\u00e4senm\u00e4\u00e4r\u00e4mme on t\u00e4ll\u00e4 hetkell\u00e4 30. J\u00e4rjest\u00e4mme vuosittain 7 \u2013 9 tastingia eri viineist\u00e4. Teemme my\u00f6s vierailuja paikallisiin viineihin liittyviin yrityksiin. Tastingeja pit\u00e4v\u00e4t j\u00e4senemme ja v\u00e4lill\u00e4 meill\u00e4 on my\u00f6s ulkopuolisia vierailijoita. Kev\u00e4isin tastingin tilalla on yhteinen ruoanlaittolauantai, jossa kokkaamme yhdess\u00e4 ja maistelemme ruokiin sopivia viinej\u00e4. [&hellip;]","og_url":"https:\/\/munskankarna.org\/kuopio\/yhdistys\/","og_site_name":"Kuopion Munsk\u00e4nkarna","article_modified_time":"2025-12-22T22:10:55+00:00","twitter_card":"summary_large_image","twitter_misc":{"Arvioitu lukuaika":"1 minuutti"},"schema":{"@context":"https:\/\/schema.org","@graph":[{"@type":"WebPage","@id":"https:\/\/munskankarna.org\/kuopio\/yhdistys\/","url":"https:\/\/munskankarna.org\/kuopio\/yhdistys\/","name":"Yhdistys - Kuopion Munsk\u00e4nkarna","isPartOf":{"@id":"https:\/\/munskankarna.org\/kuopio\/#website"},"datePublished":"2017-05-18T09:44:04+00:00","dateModified":"2025-12-22T22:10:55+00:00","breadcrumb":{"@id":"https:\/\/munskankarna.org\/kuopio\/yhdistys\/#breadcrumb"},"inLanguage":"fi","potentialAction":[{"@type":"ReadAction","target":["https:\/\/munskankarna.org\/kuopio\/yhdistys\/"]}]},{"@type":"BreadcrumbList","@id":"https:\/\/munskankarna.org\/kuopio\/yhdistys\/#breadcrumb","itemListElement":[{"@type":"ListItem","position":1,"name":"Home","item":"https:\/\/munskankarna.org\/kuopio\/"},{"@type":"ListItem","position":2,"name":"Yhdistys"}]},{"@type":"WebSite","@id":"https:\/\/munskankarna.org\/kuopio\/#website","url":"https:\/\/munskankarna.org\/kuopio\/","name":"Kuopion Munsk\u00e4nkarna","description":"Viininmaistajaisia ja koulutuksia vuodesta 2016","potentialAction":[{"@type":"SearchAction","target":{"@type":"EntryPoint","urlTemplate":"https:\/\/munskankarna.org\/kuopio\/?s={search_term_string}"},"query-input":{"@type":"PropertyValueSpecification","valueRequired":true,"valueName":"search_term_string"}}],"inLanguage":"fi"}]}},"_links":{"self":[{"href":"https:\/\/munskankarna.org\/kuopio\/wp-json\/wp\/v2\/pages\/19","targetHints":{"allow":["GET"]}}],"collection":[{"href":"https:\/\/munskankarna.org\/kuopio\/wp-json\/wp\/v2\/pages"}],"about":[{"href":"https:\/\/munskankarna.org\/kuopio\/wp-json\/wp\/v2\/types\/page"}],"author":[{"embeddable":true,"href":"https:\/\/munskankarna.org\/kuopio\/wp-json\/wp\/v2\/users\/1"}],"replies":[{"embeddable":true,"href":"https:\/\/munskankarna.org\/kuopio\/wp-json\/wp\/v2\/comments?post=19"}],"version-history":[{"count":3,"href":"https:\/\/munskankarna.org\/kuopio\/wp-json\/wp\/v2\/pages\/19\/revisions"}],"predecessor-version":[{"id":129,"href":"https:\/\/munskankarna.org\/kuopio\/wp-json\/wp\/v2\/pages\/19\/revisions\/129"}],"wp:attachment":[{"href":"https:\/\/munskankarna.org\/kuopio\/wp-json\/wp\/v2\/media?parent=19"}],"curies":[{"name":"wp","href":"https:\/\/api.w.org\/{rel}","templated":true}]}}