{"id":2,"date":"2020-02-20T14:24:44","date_gmt":"2020-02-20T12:24:44","guid":{"rendered":"https:\/\/www.munskankarna.org\/pori\/?page_id=2"},"modified":"2020-03-05T14:42:34","modified_gmt":"2020-03-05T12:42:34","slug":"porin-munskankarna","status":"publish","type":"page","link":"https:\/\/munskankarna.org\/pori\/","title":{"rendered":"Porin Munsk\u00e4nkarna"},"content":{"rendered":"\n<p>Porin Munsk\u00e4nkarna on vuonna 2013 perustettu viiniseura. Toimintamme perustan muodostavat kuukausittain j\u00e4rjestett\u00e4v\u00e4t viininmaistelut, joiden avulla pyrimme edist\u00e4m\u00e4\u00e4n j\u00e4senist\u00f6mme viinitiet\u00e4myst\u00e4 rentoa ja yhteist\u00f6llist\u00e4 tunnelmaa unohtamatta. Lis\u00e4ksi toimintaamme lukeutuvat esimerkiksi viinimatkat ja -koulutukset.<\/p>\n\n\n\n<p>Munsk\u00e4nkarna on saanut alkunsa Ruotsissa vuonna 1958 perustetusta viiniseurasta. Viiniseuran toiminta levisi Suomeen vuonna 1982 ja sen suomenkielist\u00e4 toimintaa hallinnoi Suomen Munsk\u00e4nkarna ry, jonka paikallisjaosto olemme.<\/p>\n\n\n\n<figure class=\"wp-block-gallery columns-1 is-cropped wp-block-gallery-1 is-layout-flex wp-block-gallery-is-layout-flex\"><ul class=\"blocks-gallery-grid\"><li class=\"blocks-gallery-item\"><figure><img loading=\"lazy\" decoding=\"async\" width=\"1024\" height=\"683\" src=\"https:\/\/munskankarna.org\/pori\/wp-content\/uploads\/sites\/8\/2020\/02\/kelsey-knight-udj2tD3WKsY-unsplash-1024x683.jpg\" alt=\"\" data-id=\"4\" data-full-url=\"https:\/\/munskankarna.org\/pori\/wp-content\/uploads\/sites\/8\/2020\/02\/kelsey-knight-udj2tD3WKsY-unsplash-scaled.jpg\" data-link=\"https:\/\/munskankarna.org\/pori\/porin-munskankarna\/kelsey-knight-udj2td3wksy-unsplash\/\" class=\"wp-image-4\" srcset=\"https:\/\/munskankarna.org\/pori\/wp-content\/uploads\/sites\/8\/2020\/02\/kelsey-knight-udj2tD3WKsY-unsplash-1024x683.jpg 1024w, https:\/\/munskankarna.org\/pori\/wp-content\/uploads\/sites\/8\/2020\/02\/kelsey-knight-udj2tD3WKsY-unsplash-300x200.jpg 300w, https:\/\/munskankarna.org\/pori\/wp-content\/uploads\/sites\/8\/2020\/02\/kelsey-knight-udj2tD3WKsY-unsplash-768x512.jpg 768w, https:\/\/munskankarna.org\/pori\/wp-content\/uploads\/sites\/8\/2020\/02\/kelsey-knight-udj2tD3WKsY-unsplash-1536x1024.jpg 1536w, https:\/\/munskankarna.org\/pori\/wp-content\/uploads\/sites\/8\/2020\/02\/kelsey-knight-udj2tD3WKsY-unsplash-2048x1365.jpg 2048w, https:\/\/munskankarna.org\/pori\/wp-content\/uploads\/sites\/8\/2020\/02\/kelsey-knight-udj2tD3WKsY-unsplash-624x416.jpg 624w\" sizes=\"auto, (max-width: 1024px) 100vw, 1024px\" \/><\/figure><\/li><\/ul><\/figure>\n\n\n\n<p><\/p>\n","protected":false},"excerpt":{"rendered":"<p>Porin Munsk\u00e4nkarna on vuonna 2013 perustettu viiniseura. Toimintamme perustan muodostavat kuukausittain j\u00e4rjestett\u00e4v\u00e4t viininmaistelut, joiden avulla pyrimme edist\u00e4m\u00e4\u00e4n j\u00e4senist\u00f6mme viinitiet\u00e4myst\u00e4 rentoa ja yhteist\u00f6llist\u00e4 tunnelmaa unohtamatta. Lis\u00e4ksi toimintaamme lukeutuvat esimerkiksi viinimatkat ja -koulutukset. Munsk\u00e4nkarna on saanut alkunsa Ruotsissa vuonna 1958 perustetusta viiniseurasta. Viiniseuran toiminta levisi Suomeen vuonna 1982 ja sen suomenkielist\u00e4 toimintaa hallinnoi Suomen Munsk\u00e4nkarna ry, jonka [&hellip;]<\/p>\n","protected":false},"author":26,"featured_media":0,"parent":0,"menu_order":0,"comment_status":"closed","ping_status":"closed","template":"","meta":{"footnotes":""},"class_list":["post-2","page","type-page","status-publish","hentry"],"yoast_head":"<!-- This site is optimized with the Yoast SEO plugin v27.0 - https:\/\/yoast.com\/product\/yoast-seo-wordpress\/ -->\n<title>Porin Munsk\u00e4nkarna - Porin Munsk\u00e4nkarna<\/title>\n<meta name=\"robots\" content=\"index, follow, max-snippet:-1, max-image-preview:large, max-video-preview:-1\" \/>\n<link rel=\"canonical\" href=\"https:\/\/munskankarna.org\/pori\/\" \/>\n<meta property=\"og:locale\" content=\"fi_FI\" \/>\n<meta property=\"og:type\" content=\"article\" \/>\n<meta property=\"og:title\" content=\"Porin Munsk\u00e4nkarna - Porin Munsk\u00e4nkarna\" \/>\n<meta property=\"og:description\" content=\"Porin Munsk\u00e4nkarna on vuonna 2013 perustettu viiniseura. Toimintamme perustan muodostavat kuukausittain j\u00e4rjestett\u00e4v\u00e4t viininmaistelut, joiden avulla pyrimme edist\u00e4m\u00e4\u00e4n j\u00e4senist\u00f6mme viinitiet\u00e4myst\u00e4 rentoa ja yhteist\u00f6llist\u00e4 tunnelmaa unohtamatta. Lis\u00e4ksi toimintaamme lukeutuvat esimerkiksi viinimatkat ja -koulutukset. Munsk\u00e4nkarna on saanut alkunsa Ruotsissa vuonna 1958 perustetusta viiniseurasta. Viiniseuran toiminta levisi Suomeen vuonna 1982 ja sen suomenkielist\u00e4 toimintaa hallinnoi Suomen Munsk\u00e4nkarna ry, jonka [&hellip;]\" \/>\n<meta property=\"og:url\" content=\"https:\/\/munskankarna.org\/pori\/\" \/>\n<meta property=\"og:site_name\" content=\"Porin Munsk\u00e4nkarna\" \/>\n<meta property=\"article:modified_time\" content=\"2020-03-05T12:42:34+00:00\" \/>\n<meta property=\"og:image\" content=\"https:\/\/munskankarna.org\/pori\/wp-content\/uploads\/sites\/8\/2020\/02\/kelsey-knight-udj2tD3WKsY-unsplash-scaled.jpg\" \/>\n\t<meta property=\"og:image:width\" content=\"2560\" \/>\n\t<meta property=\"og:image:height\" content=\"1707\" \/>\n\t<meta property=\"og:image:type\" content=\"image\/jpeg\" \/>\n<meta name=\"twitter:card\" content=\"summary_large_image\" \/>\n<script type=\"application\/ld+json\" class=\"yoast-schema-graph\">{\"@context\":\"https:\/\/schema.org\",\"@graph\":[{\"@type\":\"WebPage\",\"@id\":\"https:\/\/munskankarna.org\/pori\/\",\"url\":\"https:\/\/munskankarna.org\/pori\/\",\"name\":\"Porin Munsk\u00e4nkarna - Porin Munsk\u00e4nkarna\",\"isPartOf\":{\"@id\":\"https:\/\/munskankarna.org\/pori\/#website\"},\"primaryImageOfPage\":{\"@id\":\"https:\/\/munskankarna.org\/pori\/#primaryimage\"},\"image\":{\"@id\":\"https:\/\/munskankarna.org\/pori\/#primaryimage\"},\"thumbnailUrl\":\"https:\/\/munskankarna.org\/pori\/wp-content\/uploads\/sites\/8\/2020\/02\/kelsey-knight-udj2tD3WKsY-unsplash-1024x683.jpg\",\"datePublished\":\"2020-02-20T12:24:44+00:00\",\"dateModified\":\"2020-03-05T12:42:34+00:00\",\"breadcrumb\":{\"@id\":\"https:\/\/munskankarna.org\/pori\/#breadcrumb\"},\"inLanguage\":\"fi\",\"potentialAction\":[{\"@type\":\"ReadAction\",\"target\":[\"https:\/\/munskankarna.org\/pori\/\"]}]},{\"@type\":\"ImageObject\",\"inLanguage\":\"fi\",\"@id\":\"https:\/\/munskankarna.org\/pori\/#primaryimage\",\"url\":\"https:\/\/munskankarna.org\/pori\/wp-content\/uploads\/sites\/8\/2020\/02\/kelsey-knight-udj2tD3WKsY-unsplash-scaled.jpg\",\"contentUrl\":\"https:\/\/munskankarna.org\/pori\/wp-content\/uploads\/sites\/8\/2020\/02\/kelsey-knight-udj2tD3WKsY-unsplash-scaled.jpg\",\"width\":2560,\"height\":1707},{\"@type\":\"BreadcrumbList\",\"@id\":\"https:\/\/munskankarna.org\/pori\/#breadcrumb\",\"itemListElement\":[{\"@type\":\"ListItem\",\"position\":1,\"name\":\"Home\",\"item\":\"https:\/\/munskankarna.org\/pori\/\"},{\"@type\":\"ListItem\",\"position\":2,\"name\":\"Porin Munsk\u00e4nkarna\"}]},{\"@type\":\"WebSite\",\"@id\":\"https:\/\/munskankarna.org\/pori\/#website\",\"url\":\"https:\/\/munskankarna.org\/pori\/\",\"name\":\"Porin Munsk\u00e4nkarna\",\"description\":\"Tastingeja ja koulutusta jo vuodesta 2013\",\"potentialAction\":[{\"@type\":\"SearchAction\",\"target\":{\"@type\":\"EntryPoint\",\"urlTemplate\":\"https:\/\/munskankarna.org\/pori\/?s={search_term_string}\"},\"query-input\":{\"@type\":\"PropertyValueSpecification\",\"valueRequired\":true,\"valueName\":\"search_term_string\"}}],\"inLanguage\":\"fi\"}]}<\/script>\n<!-- \/ Yoast SEO plugin. -->","yoast_head_json":{"title":"Porin Munsk\u00e4nkarna - Porin Munsk\u00e4nkarna","robots":{"index":"index","follow":"follow","max-snippet":"max-snippet:-1","max-image-preview":"max-image-preview:large","max-video-preview":"max-video-preview:-1"},"canonical":"https:\/\/munskankarna.org\/pori\/","og_locale":"fi_FI","og_type":"article","og_title":"Porin Munsk\u00e4nkarna - Porin Munsk\u00e4nkarna","og_description":"Porin Munsk\u00e4nkarna on vuonna 2013 perustettu viiniseura. Toimintamme perustan muodostavat kuukausittain j\u00e4rjestett\u00e4v\u00e4t viininmaistelut, joiden avulla pyrimme edist\u00e4m\u00e4\u00e4n j\u00e4senist\u00f6mme viinitiet\u00e4myst\u00e4 rentoa ja yhteist\u00f6llist\u00e4 tunnelmaa unohtamatta. Lis\u00e4ksi toimintaamme lukeutuvat esimerkiksi viinimatkat ja -koulutukset. Munsk\u00e4nkarna on saanut alkunsa Ruotsissa vuonna 1958 perustetusta viiniseurasta. Viiniseuran toiminta levisi Suomeen vuonna 1982 ja sen suomenkielist\u00e4 toimintaa hallinnoi Suomen Munsk\u00e4nkarna ry, jonka [&hellip;]","og_url":"https:\/\/munskankarna.org\/pori\/","og_site_name":"Porin Munsk\u00e4nkarna","article_modified_time":"2020-03-05T12:42:34+00:00","og_image":[{"width":2560,"height":1707,"url":"https:\/\/munskankarna.org\/pori\/wp-content\/uploads\/sites\/8\/2020\/02\/kelsey-knight-udj2tD3WKsY-unsplash-scaled.jpg","type":"image\/jpeg"}],"twitter_card":"summary_large_image","schema":{"@context":"https:\/\/schema.org","@graph":[{"@type":"WebPage","@id":"https:\/\/munskankarna.org\/pori\/","url":"https:\/\/munskankarna.org\/pori\/","name":"Porin Munsk\u00e4nkarna - Porin Munsk\u00e4nkarna","isPartOf":{"@id":"https:\/\/munskankarna.org\/pori\/#website"},"primaryImageOfPage":{"@id":"https:\/\/munskankarna.org\/pori\/#primaryimage"},"image":{"@id":"https:\/\/munskankarna.org\/pori\/#primaryimage"},"thumbnailUrl":"https:\/\/munskankarna.org\/pori\/wp-content\/uploads\/sites\/8\/2020\/02\/kelsey-knight-udj2tD3WKsY-unsplash-1024x683.jpg","datePublished":"2020-02-20T12:24:44+00:00","dateModified":"2020-03-05T12:42:34+00:00","breadcrumb":{"@id":"https:\/\/munskankarna.org\/pori\/#breadcrumb"},"inLanguage":"fi","potentialAction":[{"@type":"ReadAction","target":["https:\/\/munskankarna.org\/pori\/"]}]},{"@type":"ImageObject","inLanguage":"fi","@id":"https:\/\/munskankarna.org\/pori\/#primaryimage","url":"https:\/\/munskankarna.org\/pori\/wp-content\/uploads\/sites\/8\/2020\/02\/kelsey-knight-udj2tD3WKsY-unsplash-scaled.jpg","contentUrl":"https:\/\/munskankarna.org\/pori\/wp-content\/uploads\/sites\/8\/2020\/02\/kelsey-knight-udj2tD3WKsY-unsplash-scaled.jpg","width":2560,"height":1707},{"@type":"BreadcrumbList","@id":"https:\/\/munskankarna.org\/pori\/#breadcrumb","itemListElement":[{"@type":"ListItem","position":1,"name":"Home","item":"https:\/\/munskankarna.org\/pori\/"},{"@type":"ListItem","position":2,"name":"Porin Munsk\u00e4nkarna"}]},{"@type":"WebSite","@id":"https:\/\/munskankarna.org\/pori\/#website","url":"https:\/\/munskankarna.org\/pori\/","name":"Porin Munsk\u00e4nkarna","description":"Tastingeja ja koulutusta jo vuodesta 2013","potentialAction":[{"@type":"SearchAction","target":{"@type":"EntryPoint","urlTemplate":"https:\/\/munskankarna.org\/pori\/?s={search_term_string}"},"query-input":{"@type":"PropertyValueSpecification","valueRequired":true,"valueName":"search_term_string"}}],"inLanguage":"fi"}]}},"_links":{"self":[{"href":"https:\/\/munskankarna.org\/pori\/wp-json\/wp\/v2\/pages\/2","targetHints":{"allow":["GET"]}}],"collection":[{"href":"https:\/\/munskankarna.org\/pori\/wp-json\/wp\/v2\/pages"}],"about":[{"href":"https:\/\/munskankarna.org\/pori\/wp-json\/wp\/v2\/types\/page"}],"author":[{"embeddable":true,"href":"https:\/\/munskankarna.org\/pori\/wp-json\/wp\/v2\/users\/26"}],"replies":[{"embeddable":true,"href":"https:\/\/munskankarna.org\/pori\/wp-json\/wp\/v2\/comments?post=2"}],"version-history":[{"count":5,"href":"https:\/\/munskankarna.org\/pori\/wp-json\/wp\/v2\/pages\/2\/revisions"}],"predecessor-version":[{"id":34,"href":"https:\/\/munskankarna.org\/pori\/wp-json\/wp\/v2\/pages\/2\/revisions\/34"}],"wp:attachment":[{"href":"https:\/\/munskankarna.org\/pori\/wp-json\/wp\/v2\/media?parent=2"}],"curies":[{"name":"wp","href":"https:\/\/api.w.org\/{rel}","templated":true}]}}