{"id":13,"date":"2018-01-29T15:53:45","date_gmt":"2018-01-29T13:53:45","guid":{"rendered":"http:\/\/www.munskankarna.org\/tampere\/?page_id=13"},"modified":"2026-02-09T16:39:14","modified_gmt":"2026-02-09T14:39:14","slug":"hallitus","status":"publish","type":"page","link":"https:\/\/munskankarna.org\/tampere\/hallitus\/","title":{"rendered":"Hallitus"},"content":{"rendered":"<p><strong>Puheenjohtaja<\/strong><br \/>\nMatti Siev\u00e4nen<\/p>\n<p><strong>Sihteeri<\/strong><br \/>\nMarja Oksaoja<\/p>\n<p><strong>Muut j\u00e4senet<\/strong><br \/>\nEveliina Vesam\u00e4ki<br \/>\nReijo Silvonen<br \/>\nRisto Toivonen<br \/>\nTiina Dufva<br \/>\nJari Mertala<\/p>\n","protected":false},"excerpt":{"rendered":"<p>Puheenjohtaja Matti Siev\u00e4nen Sihteeri Marja Oksaoja Muut j\u00e4senet Eveliina Vesam\u00e4ki Reijo Silvonen Risto Toivonen Tiina Dufva Jari Mertala<\/p>\n","protected":false},"author":21,"featured_media":0,"parent":0,"menu_order":6,"comment_status":"closed","ping_status":"closed","template":"","meta":{"footnotes":""},"class_list":["post-13","page","type-page","status-publish","hentry"],"yoast_head":"<!-- This site is optimized with the Yoast SEO plugin v27.3 - https:\/\/yoast.com\/product\/yoast-seo-wordpress\/ -->\n<title>Hallitus - Tampereen Munsk\u00e4nkarna<\/title>\n<meta name=\"robots\" content=\"index, follow, max-snippet:-1, max-image-preview:large, max-video-preview:-1\" \/>\n<link rel=\"canonical\" href=\"https:\/\/munskankarna.org\/tampere\/hallitus\/\" \/>\n<meta property=\"og:locale\" content=\"fi_FI\" \/>\n<meta property=\"og:type\" content=\"article\" \/>\n<meta property=\"og:title\" content=\"Hallitus - Tampereen Munsk\u00e4nkarna\" \/>\n<meta property=\"og:description\" content=\"Puheenjohtaja Matti Siev\u00e4nen Sihteeri Marja Oksaoja Muut j\u00e4senet Eveliina Vesam\u00e4ki Reijo Silvonen Risto Toivonen Tiina Dufva Jari Mertala\" \/>\n<meta property=\"og:url\" content=\"https:\/\/munskankarna.org\/tampere\/hallitus\/\" \/>\n<meta property=\"og:site_name\" content=\"Tampereen Munsk\u00e4nkarna\" \/>\n<meta property=\"article:modified_time\" content=\"2026-02-09T14:39:14+00:00\" \/>\n<meta name=\"twitter:card\" content=\"summary_large_image\" \/>\n<meta name=\"twitter:label1\" content=\"Arvioitu lukuaika\" \/>\n\t<meta name=\"twitter:data1\" content=\"1 minuutti\" \/>\n<script type=\"application\/ld+json\" class=\"yoast-schema-graph\">{\"@context\":\"https:\\\/\\\/schema.org\",\"@graph\":[{\"@type\":\"WebPage\",\"@id\":\"https:\\\/\\\/munskankarna.org\\\/tampere\\\/hallitus\\\/\",\"url\":\"https:\\\/\\\/munskankarna.org\\\/tampere\\\/hallitus\\\/\",\"name\":\"Hallitus - Tampereen Munsk\u00e4nkarna\",\"isPartOf\":{\"@id\":\"https:\\\/\\\/munskankarna.org\\\/tampere\\\/#website\"},\"datePublished\":\"2018-01-29T13:53:45+00:00\",\"dateModified\":\"2026-02-09T14:39:14+00:00\",\"breadcrumb\":{\"@id\":\"https:\\\/\\\/munskankarna.org\\\/tampere\\\/hallitus\\\/#breadcrumb\"},\"inLanguage\":\"fi\",\"potentialAction\":[{\"@type\":\"ReadAction\",\"target\":[\"https:\\\/\\\/munskankarna.org\\\/tampere\\\/hallitus\\\/\"]}]},{\"@type\":\"BreadcrumbList\",\"@id\":\"https:\\\/\\\/munskankarna.org\\\/tampere\\\/hallitus\\\/#breadcrumb\",\"itemListElement\":[{\"@type\":\"ListItem\",\"position\":1,\"name\":\"Home\",\"item\":\"https:\\\/\\\/munskankarna.org\\\/tampere\\\/\"},{\"@type\":\"ListItem\",\"position\":2,\"name\":\"Hallitus\"}]},{\"@type\":\"WebSite\",\"@id\":\"https:\\\/\\\/munskankarna.org\\\/tampere\\\/#website\",\"url\":\"https:\\\/\\\/munskankarna.org\\\/tampere\\\/\",\"name\":\"Tampereen Munsk\u00e4nkarna\",\"description\":\"Viinitietoutta vuodesta 1991.\",\"potentialAction\":[{\"@type\":\"SearchAction\",\"target\":{\"@type\":\"EntryPoint\",\"urlTemplate\":\"https:\\\/\\\/munskankarna.org\\\/tampere\\\/?s={search_term_string}\"},\"query-input\":{\"@type\":\"PropertyValueSpecification\",\"valueRequired\":true,\"valueName\":\"search_term_string\"}}],\"inLanguage\":\"fi\"}]}<\/script>\n<!-- \/ Yoast SEO plugin. -->","yoast_head_json":{"title":"Hallitus - Tampereen Munsk\u00e4nkarna","robots":{"index":"index","follow":"follow","max-snippet":"max-snippet:-1","max-image-preview":"max-image-preview:large","max-video-preview":"max-video-preview:-1"},"canonical":"https:\/\/munskankarna.org\/tampere\/hallitus\/","og_locale":"fi_FI","og_type":"article","og_title":"Hallitus - Tampereen Munsk\u00e4nkarna","og_description":"Puheenjohtaja Matti Siev\u00e4nen Sihteeri Marja Oksaoja Muut j\u00e4senet Eveliina Vesam\u00e4ki Reijo Silvonen Risto Toivonen Tiina Dufva Jari Mertala","og_url":"https:\/\/munskankarna.org\/tampere\/hallitus\/","og_site_name":"Tampereen Munsk\u00e4nkarna","article_modified_time":"2026-02-09T14:39:14+00:00","twitter_card":"summary_large_image","twitter_misc":{"Arvioitu lukuaika":"1 minuutti"},"schema":{"@context":"https:\/\/schema.org","@graph":[{"@type":"WebPage","@id":"https:\/\/munskankarna.org\/tampere\/hallitus\/","url":"https:\/\/munskankarna.org\/tampere\/hallitus\/","name":"Hallitus - Tampereen Munsk\u00e4nkarna","isPartOf":{"@id":"https:\/\/munskankarna.org\/tampere\/#website"},"datePublished":"2018-01-29T13:53:45+00:00","dateModified":"2026-02-09T14:39:14+00:00","breadcrumb":{"@id":"https:\/\/munskankarna.org\/tampere\/hallitus\/#breadcrumb"},"inLanguage":"fi","potentialAction":[{"@type":"ReadAction","target":["https:\/\/munskankarna.org\/tampere\/hallitus\/"]}]},{"@type":"BreadcrumbList","@id":"https:\/\/munskankarna.org\/tampere\/hallitus\/#breadcrumb","itemListElement":[{"@type":"ListItem","position":1,"name":"Home","item":"https:\/\/munskankarna.org\/tampere\/"},{"@type":"ListItem","position":2,"name":"Hallitus"}]},{"@type":"WebSite","@id":"https:\/\/munskankarna.org\/tampere\/#website","url":"https:\/\/munskankarna.org\/tampere\/","name":"Tampereen Munsk\u00e4nkarna","description":"Viinitietoutta vuodesta 1991.","potentialAction":[{"@type":"SearchAction","target":{"@type":"EntryPoint","urlTemplate":"https:\/\/munskankarna.org\/tampere\/?s={search_term_string}"},"query-input":{"@type":"PropertyValueSpecification","valueRequired":true,"valueName":"search_term_string"}}],"inLanguage":"fi"}]}},"_links":{"self":[{"href":"https:\/\/munskankarna.org\/tampere\/wp-json\/wp\/v2\/pages\/13","targetHints":{"allow":["GET"]}}],"collection":[{"href":"https:\/\/munskankarna.org\/tampere\/wp-json\/wp\/v2\/pages"}],"about":[{"href":"https:\/\/munskankarna.org\/tampere\/wp-json\/wp\/v2\/types\/page"}],"author":[{"embeddable":true,"href":"https:\/\/munskankarna.org\/tampere\/wp-json\/wp\/v2\/users\/21"}],"replies":[{"embeddable":true,"href":"https:\/\/munskankarna.org\/tampere\/wp-json\/wp\/v2\/comments?post=13"}],"version-history":[{"count":9,"href":"https:\/\/munskankarna.org\/tampere\/wp-json\/wp\/v2\/pages\/13\/revisions"}],"predecessor-version":[{"id":419,"href":"https:\/\/munskankarna.org\/tampere\/wp-json\/wp\/v2\/pages\/13\/revisions\/419"}],"wp:attachment":[{"href":"https:\/\/munskankarna.org\/tampere\/wp-json\/wp\/v2\/media?parent=13"}],"curies":[{"name":"wp","href":"https:\/\/api.w.org\/{rel}","templated":true}]}}