{"id":15,"date":"2018-01-29T15:54:35","date_gmt":"2018-01-29T13:54:35","guid":{"rendered":"http:\/\/www.munskankarna.org\/tampere\/?page_id=15"},"modified":"2018-01-31T12:52:17","modified_gmt":"2018-01-31T10:52:17","slug":"linkkeja","status":"publish","type":"page","link":"https:\/\/munskankarna.org\/tampere\/linkkeja\/","title":{"rendered":"Linkkej\u00e4"},"content":{"rendered":"<p><a href=\"https:\/\/munskankarna.org\/\" target=\"_blank\" rel=\"noopener\">Suomen Munsk\u00e4nkarna<\/a><\/p>\n<p><a href=\"http:\/\/viinimestarit.com\/\" target=\"_blank\" rel=\"noopener\">Viinimestarit.com<\/a><\/p>\n<p><a href=\"http:\/\/pullonhenki.blogspot.fi\/\" target=\"_blank\" rel=\"noopener\">Pullon henki -viini- ja ruokablogi<\/a><\/p>\n<p><a href=\"http:\/\/dionysosviiniblogi.blogspot.fi\/\">Dionysos -viiniblogi<\/a><\/p>\n","protected":false},"excerpt":{"rendered":"<p>Suomen Munsk\u00e4nkarna Viinimestarit.com Pullon henki -viini- ja ruokablogi Dionysos -viiniblogi<\/p>\n","protected":false},"author":21,"featured_media":0,"parent":0,"menu_order":7,"comment_status":"closed","ping_status":"closed","template":"","meta":{"footnotes":""},"class_list":["post-15","page","type-page","status-publish","hentry"],"yoast_head":"<!-- This site is optimized with the Yoast SEO plugin v27.3 - https:\/\/yoast.com\/product\/yoast-seo-wordpress\/ -->\n<title>Linkkej\u00e4 - Tampereen Munsk\u00e4nkarna<\/title>\n<meta name=\"robots\" content=\"index, follow, max-snippet:-1, max-image-preview:large, max-video-preview:-1\" \/>\n<link rel=\"canonical\" href=\"https:\/\/munskankarna.org\/tampere\/linkkeja\/\" \/>\n<meta property=\"og:locale\" content=\"fi_FI\" \/>\n<meta property=\"og:type\" content=\"article\" \/>\n<meta property=\"og:title\" content=\"Linkkej\u00e4 - Tampereen Munsk\u00e4nkarna\" \/>\n<meta property=\"og:description\" content=\"Suomen Munsk\u00e4nkarna Viinimestarit.com Pullon henki -viini- ja ruokablogi Dionysos -viiniblogi\" \/>\n<meta property=\"og:url\" content=\"https:\/\/munskankarna.org\/tampere\/linkkeja\/\" \/>\n<meta property=\"og:site_name\" content=\"Tampereen Munsk\u00e4nkarna\" \/>\n<meta property=\"article:modified_time\" content=\"2018-01-31T10:52:17+00:00\" \/>\n<meta name=\"twitter:card\" content=\"summary_large_image\" \/>\n<script type=\"application\/ld+json\" class=\"yoast-schema-graph\">{\"@context\":\"https:\\\/\\\/schema.org\",\"@graph\":[{\"@type\":\"WebPage\",\"@id\":\"https:\\\/\\\/munskankarna.org\\\/tampere\\\/linkkeja\\\/\",\"url\":\"https:\\\/\\\/munskankarna.org\\\/tampere\\\/linkkeja\\\/\",\"name\":\"Linkkej\u00e4 - Tampereen Munsk\u00e4nkarna\",\"isPartOf\":{\"@id\":\"https:\\\/\\\/munskankarna.org\\\/tampere\\\/#website\"},\"datePublished\":\"2018-01-29T13:54:35+00:00\",\"dateModified\":\"2018-01-31T10:52:17+00:00\",\"breadcrumb\":{\"@id\":\"https:\\\/\\\/munskankarna.org\\\/tampere\\\/linkkeja\\\/#breadcrumb\"},\"inLanguage\":\"fi\",\"potentialAction\":[{\"@type\":\"ReadAction\",\"target\":[\"https:\\\/\\\/munskankarna.org\\\/tampere\\\/linkkeja\\\/\"]}]},{\"@type\":\"BreadcrumbList\",\"@id\":\"https:\\\/\\\/munskankarna.org\\\/tampere\\\/linkkeja\\\/#breadcrumb\",\"itemListElement\":[{\"@type\":\"ListItem\",\"position\":1,\"name\":\"Home\",\"item\":\"https:\\\/\\\/munskankarna.org\\\/tampere\\\/\"},{\"@type\":\"ListItem\",\"position\":2,\"name\":\"Linkkej\u00e4\"}]},{\"@type\":\"WebSite\",\"@id\":\"https:\\\/\\\/munskankarna.org\\\/tampere\\\/#website\",\"url\":\"https:\\\/\\\/munskankarna.org\\\/tampere\\\/\",\"name\":\"Tampereen Munsk\u00e4nkarna\",\"description\":\"Viinitietoutta vuodesta 1991.\",\"potentialAction\":[{\"@type\":\"SearchAction\",\"target\":{\"@type\":\"EntryPoint\",\"urlTemplate\":\"https:\\\/\\\/munskankarna.org\\\/tampere\\\/?s={search_term_string}\"},\"query-input\":{\"@type\":\"PropertyValueSpecification\",\"valueRequired\":true,\"valueName\":\"search_term_string\"}}],\"inLanguage\":\"fi\"}]}<\/script>\n<!-- \/ Yoast SEO plugin. -->","yoast_head_json":{"title":"Linkkej\u00e4 - Tampereen Munsk\u00e4nkarna","robots":{"index":"index","follow":"follow","max-snippet":"max-snippet:-1","max-image-preview":"max-image-preview:large","max-video-preview":"max-video-preview:-1"},"canonical":"https:\/\/munskankarna.org\/tampere\/linkkeja\/","og_locale":"fi_FI","og_type":"article","og_title":"Linkkej\u00e4 - Tampereen Munsk\u00e4nkarna","og_description":"Suomen Munsk\u00e4nkarna Viinimestarit.com Pullon henki -viini- ja ruokablogi Dionysos -viiniblogi","og_url":"https:\/\/munskankarna.org\/tampere\/linkkeja\/","og_site_name":"Tampereen Munsk\u00e4nkarna","article_modified_time":"2018-01-31T10:52:17+00:00","twitter_card":"summary_large_image","schema":{"@context":"https:\/\/schema.org","@graph":[{"@type":"WebPage","@id":"https:\/\/munskankarna.org\/tampere\/linkkeja\/","url":"https:\/\/munskankarna.org\/tampere\/linkkeja\/","name":"Linkkej\u00e4 - Tampereen Munsk\u00e4nkarna","isPartOf":{"@id":"https:\/\/munskankarna.org\/tampere\/#website"},"datePublished":"2018-01-29T13:54:35+00:00","dateModified":"2018-01-31T10:52:17+00:00","breadcrumb":{"@id":"https:\/\/munskankarna.org\/tampere\/linkkeja\/#breadcrumb"},"inLanguage":"fi","potentialAction":[{"@type":"ReadAction","target":["https:\/\/munskankarna.org\/tampere\/linkkeja\/"]}]},{"@type":"BreadcrumbList","@id":"https:\/\/munskankarna.org\/tampere\/linkkeja\/#breadcrumb","itemListElement":[{"@type":"ListItem","position":1,"name":"Home","item":"https:\/\/munskankarna.org\/tampere\/"},{"@type":"ListItem","position":2,"name":"Linkkej\u00e4"}]},{"@type":"WebSite","@id":"https:\/\/munskankarna.org\/tampere\/#website","url":"https:\/\/munskankarna.org\/tampere\/","name":"Tampereen Munsk\u00e4nkarna","description":"Viinitietoutta vuodesta 1991.","potentialAction":[{"@type":"SearchAction","target":{"@type":"EntryPoint","urlTemplate":"https:\/\/munskankarna.org\/tampere\/?s={search_term_string}"},"query-input":{"@type":"PropertyValueSpecification","valueRequired":true,"valueName":"search_term_string"}}],"inLanguage":"fi"}]}},"_links":{"self":[{"href":"https:\/\/munskankarna.org\/tampere\/wp-json\/wp\/v2\/pages\/15","targetHints":{"allow":["GET"]}}],"collection":[{"href":"https:\/\/munskankarna.org\/tampere\/wp-json\/wp\/v2\/pages"}],"about":[{"href":"https:\/\/munskankarna.org\/tampere\/wp-json\/wp\/v2\/types\/page"}],"author":[{"embeddable":true,"href":"https:\/\/munskankarna.org\/tampere\/wp-json\/wp\/v2\/users\/21"}],"replies":[{"embeddable":true,"href":"https:\/\/munskankarna.org\/tampere\/wp-json\/wp\/v2\/comments?post=15"}],"version-history":[{"count":4,"href":"https:\/\/munskankarna.org\/tampere\/wp-json\/wp\/v2\/pages\/15\/revisions"}],"predecessor-version":[{"id":58,"href":"https:\/\/munskankarna.org\/tampere\/wp-json\/wp\/v2\/pages\/15\/revisions\/58"}],"wp:attachment":[{"href":"https:\/\/munskankarna.org\/tampere\/wp-json\/wp\/v2\/media?parent=15"}],"curies":[{"name":"wp","href":"https:\/\/api.w.org\/{rel}","templated":true}]}}