{"id":9,"date":"2018-01-29T15:52:44","date_gmt":"2018-01-29T13:52:44","guid":{"rendered":"http:\/\/www.munskankarna.org\/tampere\/?page_id=9"},"modified":"2025-02-02T12:01:53","modified_gmt":"2025-02-02T10:01:53","slug":"jasenyys","status":"publish","type":"page","link":"https:\/\/munskankarna.org\/tampere\/jasenyys\/","title":{"rendered":"J\u00e4senyys"},"content":{"rendered":"<p>Tampereen Munsk\u00e4nkarnaan voi liitty\u00e4 kuka tahansa, joka on kiinnostunut viineist\u00e4.<\/p>\n<p>Liittymismaksu on 40 \u20ac ja se sis\u00e4lt\u00e4\u00e4 Tastevin-maljan ja siihen liittyv\u00e4n kaulanauhan, jonka v\u00e4ri kertoo, kuinka kauan henkil\u00f6 on kuulunut kyseiseen seuraan. Tastevini\u00e4 pidet\u00e4\u00e4n kaulassa aina maistajaisissa.<\/p>\n<p>J\u00e4senmaksu on vuodessa 40 \u20ac \/ j\u00e4sen.<\/p>\n<p>Seuran toimintaan voi tutustua tulemalla mukaan maistajaisiin vierailijana. Maistajaishinta vierailijoille ilmoitetaan j\u00e4senkirjeess\u00e4 erikseen. Maistajaisiin otetaan omat viinilasit mukaan, jollei j\u00e4senkirjeess\u00e4 muuta ilmoiteta.<\/p>\n<p>J\u00e4seneksi liittyminen tapahtuu ottamalla yhteytt\u00e4 puheenjohtajaan tai sihteeriin.<\/p>\n","protected":false},"excerpt":{"rendered":"<p>Tampereen Munsk\u00e4nkarnaan voi liitty\u00e4 kuka tahansa, joka on kiinnostunut viineist\u00e4. Liittymismaksu on 40 \u20ac ja se sis\u00e4lt\u00e4\u00e4 Tastevin-maljan ja siihen liittyv\u00e4n kaulanauhan, jonka v\u00e4ri kertoo, kuinka kauan henkil\u00f6 on kuulunut kyseiseen seuraan. Tastevini\u00e4 pidet\u00e4\u00e4n kaulassa aina maistajaisissa. J\u00e4senmaksu on vuodessa 40 \u20ac \/ j\u00e4sen. Seuran toimintaan voi tutustua tulemalla mukaan maistajaisiin vierailijana. Maistajaishinta vierailijoille ilmoitetaan [&hellip;]<\/p>\n","protected":false},"author":21,"featured_media":0,"parent":0,"menu_order":4,"comment_status":"closed","ping_status":"closed","template":"","meta":{"footnotes":""},"class_list":["post-9","page","type-page","status-publish","hentry"],"yoast_head":"<!-- This site is optimized with the Yoast SEO plugin v27.0 - https:\/\/yoast.com\/product\/yoast-seo-wordpress\/ -->\n<title>J\u00e4senyys - Tampereen Munsk\u00e4nkarna<\/title>\n<meta name=\"robots\" content=\"index, follow, max-snippet:-1, max-image-preview:large, max-video-preview:-1\" \/>\n<link rel=\"canonical\" href=\"https:\/\/munskankarna.org\/tampere\/jasenyys\/\" \/>\n<meta property=\"og:locale\" content=\"fi_FI\" \/>\n<meta property=\"og:type\" content=\"article\" \/>\n<meta property=\"og:title\" content=\"J\u00e4senyys - Tampereen Munsk\u00e4nkarna\" \/>\n<meta property=\"og:description\" content=\"Tampereen Munsk\u00e4nkarnaan voi liitty\u00e4 kuka tahansa, joka on kiinnostunut viineist\u00e4. Liittymismaksu on 40 \u20ac ja se sis\u00e4lt\u00e4\u00e4 Tastevin-maljan ja siihen liittyv\u00e4n kaulanauhan, jonka v\u00e4ri kertoo, kuinka kauan henkil\u00f6 on kuulunut kyseiseen seuraan. Tastevini\u00e4 pidet\u00e4\u00e4n kaulassa aina maistajaisissa. J\u00e4senmaksu on vuodessa 40 \u20ac \/ j\u00e4sen. Seuran toimintaan voi tutustua tulemalla mukaan maistajaisiin vierailijana. Maistajaishinta vierailijoille ilmoitetaan [&hellip;]\" \/>\n<meta property=\"og:url\" content=\"https:\/\/munskankarna.org\/tampere\/jasenyys\/\" \/>\n<meta property=\"og:site_name\" content=\"Tampereen Munsk\u00e4nkarna\" \/>\n<meta property=\"article:modified_time\" content=\"2025-02-02T10:01:53+00:00\" \/>\n<meta name=\"twitter:card\" content=\"summary_large_image\" \/>\n<script type=\"application\/ld+json\" class=\"yoast-schema-graph\">{\"@context\":\"https:\/\/schema.org\",\"@graph\":[{\"@type\":\"WebPage\",\"@id\":\"https:\/\/munskankarna.org\/tampere\/jasenyys\/\",\"url\":\"https:\/\/munskankarna.org\/tampere\/jasenyys\/\",\"name\":\"J\u00e4senyys - Tampereen Munsk\u00e4nkarna\",\"isPartOf\":{\"@id\":\"https:\/\/munskankarna.org\/tampere\/#website\"},\"datePublished\":\"2018-01-29T13:52:44+00:00\",\"dateModified\":\"2025-02-02T10:01:53+00:00\",\"breadcrumb\":{\"@id\":\"https:\/\/munskankarna.org\/tampere\/jasenyys\/#breadcrumb\"},\"inLanguage\":\"fi\",\"potentialAction\":[{\"@type\":\"ReadAction\",\"target\":[\"https:\/\/munskankarna.org\/tampere\/jasenyys\/\"]}]},{\"@type\":\"BreadcrumbList\",\"@id\":\"https:\/\/munskankarna.org\/tampere\/jasenyys\/#breadcrumb\",\"itemListElement\":[{\"@type\":\"ListItem\",\"position\":1,\"name\":\"Home\",\"item\":\"https:\/\/munskankarna.org\/tampere\/\"},{\"@type\":\"ListItem\",\"position\":2,\"name\":\"J\u00e4senyys\"}]},{\"@type\":\"WebSite\",\"@id\":\"https:\/\/munskankarna.org\/tampere\/#website\",\"url\":\"https:\/\/munskankarna.org\/tampere\/\",\"name\":\"Tampereen Munsk\u00e4nkarna\",\"description\":\"Viinitietoutta vuodesta 1991.\",\"potentialAction\":[{\"@type\":\"SearchAction\",\"target\":{\"@type\":\"EntryPoint\",\"urlTemplate\":\"https:\/\/munskankarna.org\/tampere\/?s={search_term_string}\"},\"query-input\":{\"@type\":\"PropertyValueSpecification\",\"valueRequired\":true,\"valueName\":\"search_term_string\"}}],\"inLanguage\":\"fi\"}]}<\/script>\n<!-- \/ Yoast SEO plugin. -->","yoast_head_json":{"title":"J\u00e4senyys - Tampereen Munsk\u00e4nkarna","robots":{"index":"index","follow":"follow","max-snippet":"max-snippet:-1","max-image-preview":"max-image-preview:large","max-video-preview":"max-video-preview:-1"},"canonical":"https:\/\/munskankarna.org\/tampere\/jasenyys\/","og_locale":"fi_FI","og_type":"article","og_title":"J\u00e4senyys - Tampereen Munsk\u00e4nkarna","og_description":"Tampereen Munsk\u00e4nkarnaan voi liitty\u00e4 kuka tahansa, joka on kiinnostunut viineist\u00e4. Liittymismaksu on 40 \u20ac ja se sis\u00e4lt\u00e4\u00e4 Tastevin-maljan ja siihen liittyv\u00e4n kaulanauhan, jonka v\u00e4ri kertoo, kuinka kauan henkil\u00f6 on kuulunut kyseiseen seuraan. Tastevini\u00e4 pidet\u00e4\u00e4n kaulassa aina maistajaisissa. J\u00e4senmaksu on vuodessa 40 \u20ac \/ j\u00e4sen. Seuran toimintaan voi tutustua tulemalla mukaan maistajaisiin vierailijana. Maistajaishinta vierailijoille ilmoitetaan [&hellip;]","og_url":"https:\/\/munskankarna.org\/tampere\/jasenyys\/","og_site_name":"Tampereen Munsk\u00e4nkarna","article_modified_time":"2025-02-02T10:01:53+00:00","twitter_card":"summary_large_image","schema":{"@context":"https:\/\/schema.org","@graph":[{"@type":"WebPage","@id":"https:\/\/munskankarna.org\/tampere\/jasenyys\/","url":"https:\/\/munskankarna.org\/tampere\/jasenyys\/","name":"J\u00e4senyys - Tampereen Munsk\u00e4nkarna","isPartOf":{"@id":"https:\/\/munskankarna.org\/tampere\/#website"},"datePublished":"2018-01-29T13:52:44+00:00","dateModified":"2025-02-02T10:01:53+00:00","breadcrumb":{"@id":"https:\/\/munskankarna.org\/tampere\/jasenyys\/#breadcrumb"},"inLanguage":"fi","potentialAction":[{"@type":"ReadAction","target":["https:\/\/munskankarna.org\/tampere\/jasenyys\/"]}]},{"@type":"BreadcrumbList","@id":"https:\/\/munskankarna.org\/tampere\/jasenyys\/#breadcrumb","itemListElement":[{"@type":"ListItem","position":1,"name":"Home","item":"https:\/\/munskankarna.org\/tampere\/"},{"@type":"ListItem","position":2,"name":"J\u00e4senyys"}]},{"@type":"WebSite","@id":"https:\/\/munskankarna.org\/tampere\/#website","url":"https:\/\/munskankarna.org\/tampere\/","name":"Tampereen Munsk\u00e4nkarna","description":"Viinitietoutta vuodesta 1991.","potentialAction":[{"@type":"SearchAction","target":{"@type":"EntryPoint","urlTemplate":"https:\/\/munskankarna.org\/tampere\/?s={search_term_string}"},"query-input":{"@type":"PropertyValueSpecification","valueRequired":true,"valueName":"search_term_string"}}],"inLanguage":"fi"}]}},"_links":{"self":[{"href":"https:\/\/munskankarna.org\/tampere\/wp-json\/wp\/v2\/pages\/9","targetHints":{"allow":["GET"]}}],"collection":[{"href":"https:\/\/munskankarna.org\/tampere\/wp-json\/wp\/v2\/pages"}],"about":[{"href":"https:\/\/munskankarna.org\/tampere\/wp-json\/wp\/v2\/types\/page"}],"author":[{"embeddable":true,"href":"https:\/\/munskankarna.org\/tampere\/wp-json\/wp\/v2\/users\/21"}],"replies":[{"embeddable":true,"href":"https:\/\/munskankarna.org\/tampere\/wp-json\/wp\/v2\/comments?post=9"}],"version-history":[{"count":5,"href":"https:\/\/munskankarna.org\/tampere\/wp-json\/wp\/v2\/pages\/9\/revisions"}],"predecessor-version":[{"id":380,"href":"https:\/\/munskankarna.org\/tampere\/wp-json\/wp\/v2\/pages\/9\/revisions\/380"}],"wp:attachment":[{"href":"https:\/\/munskankarna.org\/tampere\/wp-json\/wp\/v2\/media?parent=9"}],"curies":[{"name":"wp","href":"https:\/\/api.w.org\/{rel}","templated":true}]}}