{"id":5,"date":"2013-05-23T22:18:58","date_gmt":"2013-05-23T19:18:58","guid":{"rendered":"http:\/\/munska.siiksten.webfactional.com\/helsinki\/?page_id=5"},"modified":"2026-02-09T16:49:51","modified_gmt":"2026-02-09T14:49:51","slug":"viiniseura-helsingin-munskankarna-ry","status":"publish","type":"page","link":"https:\/\/munskankarna.org\/turku\/","title":{"rendered":"Viiniseura Munsk\u00e4nkarna Aboa ry"},"content":{"rendered":"<p>Kohtaamispaikka kaikille viineist\u00e4 kiinnostuneille!<\/p>\n<p>Tuttavallisemmmin sanottuna olemme Turun Munska. J\u00e4rjest\u00e4mme j\u00e4senillemme monenlaisia viinien maistelutilaisuuksia alustuksineen. Lis\u00e4ksi tarjoamme mahdollisuuden viinien opiskeluun rennossa ja iloisessa seurassa. Tule mukaan ja inspiroidu viineist\u00e4.<\/p>\n<p><strong>Lataa esite:<\/strong> <a href=\"https:\/\/munskankarna.org\/turku\/wp-content\/uploads\/sites\/10\/2024\/03\/Tule-mukaan-viiniseura-toimintaan.pdf\">Tule mukaan viiniseura toimintaan<\/a><\/p>\n<p><!-- myClub embed JS - start --><\/p>\n<h2 class=\"myclub-embed\" data-url=\"https:\/\/munskankarna.myclub.fi\/groups\/83271\/course_embeds\/32550?token=a245018209175b08b3383922cb5325178d3ca9c9\"><\/h2>\n<h2><!-- myClub embed JS - end --><\/h2>\n<h2>Kauppahallin Viinijuhlissa 7.2.2026 j\u00e4rjestetyn &#8221;Arvaa korkkien m\u00e4\u00e4r\u00e4&#8221; kisan oikea tulos alla<\/h2>\n<p><a href=\"https:\/\/munskankarna.org\/turku\/wp-content\/uploads\/sites\/10\/2026\/02\/Viinijuhlat_messuosasto2026_IMG_3140-scaled.jpg\"><img loading=\"lazy\" decoding=\"async\" class=\"alignnone size-large wp-image-806\" src=\"https:\/\/munskankarna.org\/turku\/wp-content\/uploads\/sites\/10\/2026\/02\/Viinijuhlat_messuosasto2026_IMG_3140-1024x822.jpg\" alt=\"\" width=\"625\" height=\"502\" srcset=\"https:\/\/munskankarna.org\/turku\/wp-content\/uploads\/sites\/10\/2026\/02\/Viinijuhlat_messuosasto2026_IMG_3140-1024x822.jpg 1024w, https:\/\/munskankarna.org\/turku\/wp-content\/uploads\/sites\/10\/2026\/02\/Viinijuhlat_messuosasto2026_IMG_3140-300x241.jpg 300w, https:\/\/munskankarna.org\/turku\/wp-content\/uploads\/sites\/10\/2026\/02\/Viinijuhlat_messuosasto2026_IMG_3140-768x616.jpg 768w, https:\/\/munskankarna.org\/turku\/wp-content\/uploads\/sites\/10\/2026\/02\/Viinijuhlat_messuosasto2026_IMG_3140-1536x1233.jpg 1536w, https:\/\/munskankarna.org\/turku\/wp-content\/uploads\/sites\/10\/2026\/02\/Viinijuhlat_messuosasto2026_IMG_3140-2048x1644.jpg 2048w, https:\/\/munskankarna.org\/turku\/wp-content\/uploads\/sites\/10\/2026\/02\/Viinijuhlat_messuosasto2026_IMG_3140-624x501.jpg 624w\" sizes=\"auto, (max-width: 625px) 100vw, 625px\" \/><\/a><\/p>\n<p>Munsk\u00e4nkarna Aboa jakoi Turun Kauppahallin Viinijuhlissa illan aikana tietoa viinist\u00e4 monipuolisena harrastuksena ja yleisesti Munskan monipuolisista maisteluista ja koulutuksista.<\/p>\n<p>J\u00e4rjestimme illan aikana my\u00f6s kisan, jossa piti arvata laatikossa olleiden korkkien m\u00e4\u00e4r\u00e4. Laatikko n\u00e4kyy kuvan vasemmassa reunassa. Kisaan osallistui illan aikana 77 ihmist\u00e4. Pienin arvaus oli 68 ja suurin vastaavasti 697. 2\/3-osaa arvauksista oli yl\u00e4kanttiin keskiarvon ollessa n 200.<\/p>\n<p><strong>Oikea luku on 136.<\/strong> T\u00e4ysin oikeaa lukum\u00e4\u00e4r\u00e4\u00e4 ei arvannut kukaan, mutta kahdessa vastauspaperissa oli kirjoitettuna numero 135 ja yhdess\u00e4 137. Joten hyvin tiukaksi kisa meni. N\u00e4iden kolmen yhden p\u00e4\u00e4h\u00e4n tienneiden kesken suoritimme arvonnan palkinnon saajasta. Voittaja on Sari Louhikoski. H\u00e4neen ollaan yhteydess\u00e4 henkil\u00f6kohtaisesti. Onnea!<\/p>\n<p>Kiitos kaikille meid\u00e4n osastolla vierailleille!<\/p>\n","protected":false},"excerpt":{"rendered":"<p>Kohtaamispaikka kaikille viineist\u00e4 kiinnostuneille! Tuttavallisemmmin sanottuna olemme Turun Munska. J\u00e4rjest\u00e4mme j\u00e4senillemme monenlaisia viinien maistelutilaisuuksia alustuksineen. Lis\u00e4ksi tarjoamme mahdollisuuden viinien opiskeluun rennossa ja iloisessa seurassa. Tule mukaan ja inspiroidu viineist\u00e4. Lataa esite: Tule mukaan viiniseura toimintaan Kauppahallin Viinijuhlissa 7.2.2026 j\u00e4rjestetyn &#8221;Arvaa korkkien m\u00e4\u00e4r\u00e4&#8221; kisan oikea tulos alla Munsk\u00e4nkarna Aboa jakoi Turun Kauppahallin Viinijuhlissa illan aikana tietoa [&hellip;]<\/p>\n","protected":false},"author":24,"featured_media":0,"parent":0,"menu_order":0,"comment_status":"closed","ping_status":"open","template":"","meta":{"footnotes":""},"class_list":["post-5","page","type-page","status-publish","hentry"],"yoast_head":"<!-- This site is optimized with the Yoast SEO plugin v27.3 - https:\/\/yoast.com\/product\/yoast-seo-wordpress\/ -->\n<title>Viiniseura Munsk\u00e4nkarna Aboa ry - Munsk\u00e4nkarna Aboa<\/title>\n<meta name=\"robots\" content=\"index, follow, max-snippet:-1, max-image-preview:large, max-video-preview:-1\" \/>\n<link rel=\"canonical\" href=\"https:\/\/munskankarna.org\/turku\/\" \/>\n<meta property=\"og:locale\" content=\"fi_FI\" \/>\n<meta property=\"og:type\" content=\"article\" \/>\n<meta property=\"og:title\" content=\"Viiniseura Munsk\u00e4nkarna Aboa ry - Munsk\u00e4nkarna Aboa\" \/>\n<meta property=\"og:description\" content=\"Kohtaamispaikka kaikille viineist\u00e4 kiinnostuneille! Tuttavallisemmmin sanottuna olemme Turun Munska. J\u00e4rjest\u00e4mme j\u00e4senillemme monenlaisia viinien maistelutilaisuuksia alustuksineen. Lis\u00e4ksi tarjoamme mahdollisuuden viinien opiskeluun rennossa ja iloisessa seurassa. Tule mukaan ja inspiroidu viineist\u00e4. Lataa esite: Tule mukaan viiniseura toimintaan Kauppahallin Viinijuhlissa 7.2.2026 j\u00e4rjestetyn &#8221;Arvaa korkkien m\u00e4\u00e4r\u00e4&#8221; kisan oikea tulos alla Munsk\u00e4nkarna Aboa jakoi Turun Kauppahallin Viinijuhlissa illan aikana tietoa [&hellip;]\" \/>\n<meta property=\"og:url\" content=\"https:\/\/munskankarna.org\/turku\/\" \/>\n<meta property=\"og:site_name\" content=\"Munsk\u00e4nkarna Aboa\" \/>\n<meta property=\"article:modified_time\" content=\"2026-02-09T14:49:51+00:00\" \/>\n<meta property=\"og:image\" content=\"https:\/\/munskankarna.org\/turku\/wp-content\/uploads\/sites\/10\/2026\/02\/Viinijuhlat_messuosasto2026_IMG_3140-scaled.jpg\" \/>\n\t<meta property=\"og:image:width\" content=\"2560\" \/>\n\t<meta property=\"og:image:height\" content=\"2055\" \/>\n\t<meta property=\"og:image:type\" content=\"image\/jpeg\" \/>\n<meta name=\"twitter:card\" content=\"summary_large_image\" \/>\n<meta name=\"twitter:label1\" content=\"Arvioitu lukuaika\" \/>\n\t<meta name=\"twitter:data1\" content=\"2 minuuttia\" \/>\n<script type=\"application\/ld+json\" class=\"yoast-schema-graph\">{\"@context\":\"https:\\\/\\\/schema.org\",\"@graph\":[{\"@type\":\"WebPage\",\"@id\":\"https:\\\/\\\/munskankarna.org\\\/turku\\\/\",\"url\":\"https:\\\/\\\/munskankarna.org\\\/turku\\\/\",\"name\":\"Viiniseura Munsk\u00e4nkarna Aboa ry - Munsk\u00e4nkarna Aboa\",\"isPartOf\":{\"@id\":\"https:\\\/\\\/munskankarna.org\\\/turku\\\/#website\"},\"primaryImageOfPage\":{\"@id\":\"https:\\\/\\\/munskankarna.org\\\/turku\\\/#primaryimage\"},\"image\":{\"@id\":\"https:\\\/\\\/munskankarna.org\\\/turku\\\/#primaryimage\"},\"thumbnailUrl\":\"https:\\\/\\\/munskankarna.org\\\/turku\\\/wp-content\\\/uploads\\\/sites\\\/10\\\/2026\\\/02\\\/Viinijuhlat_messuosasto2026_IMG_3140-1024x822.jpg\",\"datePublished\":\"2013-05-23T19:18:58+00:00\",\"dateModified\":\"2026-02-09T14:49:51+00:00\",\"breadcrumb\":{\"@id\":\"https:\\\/\\\/munskankarna.org\\\/turku\\\/#breadcrumb\"},\"inLanguage\":\"fi\",\"potentialAction\":[{\"@type\":\"ReadAction\",\"target\":[\"https:\\\/\\\/munskankarna.org\\\/turku\\\/\"]}]},{\"@type\":\"ImageObject\",\"inLanguage\":\"fi\",\"@id\":\"https:\\\/\\\/munskankarna.org\\\/turku\\\/#primaryimage\",\"url\":\"https:\\\/\\\/munskankarna.org\\\/turku\\\/wp-content\\\/uploads\\\/sites\\\/10\\\/2026\\\/02\\\/Viinijuhlat_messuosasto2026_IMG_3140-scaled.jpg\",\"contentUrl\":\"https:\\\/\\\/munskankarna.org\\\/turku\\\/wp-content\\\/uploads\\\/sites\\\/10\\\/2026\\\/02\\\/Viinijuhlat_messuosasto2026_IMG_3140-scaled.jpg\",\"width\":2560,\"height\":2055},{\"@type\":\"BreadcrumbList\",\"@id\":\"https:\\\/\\\/munskankarna.org\\\/turku\\\/#breadcrumb\",\"itemListElement\":[{\"@type\":\"ListItem\",\"position\":1,\"name\":\"Home\",\"item\":\"https:\\\/\\\/munskankarna.org\\\/turku\\\/\"},{\"@type\":\"ListItem\",\"position\":2,\"name\":\"Viiniseura Munsk\u00e4nkarna Aboa ry\"}]},{\"@type\":\"WebSite\",\"@id\":\"https:\\\/\\\/munskankarna.org\\\/turku\\\/#website\",\"url\":\"https:\\\/\\\/munskankarna.org\\\/turku\\\/\",\"name\":\"Munsk\u00e4nkarna Aboa\",\"description\":\"Suomen Munsk\u00e4nkarna ry:n Turun paikallisseura\",\"potentialAction\":[{\"@type\":\"SearchAction\",\"target\":{\"@type\":\"EntryPoint\",\"urlTemplate\":\"https:\\\/\\\/munskankarna.org\\\/turku\\\/?s={search_term_string}\"},\"query-input\":{\"@type\":\"PropertyValueSpecification\",\"valueRequired\":true,\"valueName\":\"search_term_string\"}}],\"inLanguage\":\"fi\"}]}<\/script>\n<!-- \/ Yoast SEO plugin. -->","yoast_head_json":{"title":"Viiniseura Munsk\u00e4nkarna Aboa ry - Munsk\u00e4nkarna Aboa","robots":{"index":"index","follow":"follow","max-snippet":"max-snippet:-1","max-image-preview":"max-image-preview:large","max-video-preview":"max-video-preview:-1"},"canonical":"https:\/\/munskankarna.org\/turku\/","og_locale":"fi_FI","og_type":"article","og_title":"Viiniseura Munsk\u00e4nkarna Aboa ry - Munsk\u00e4nkarna Aboa","og_description":"Kohtaamispaikka kaikille viineist\u00e4 kiinnostuneille! Tuttavallisemmmin sanottuna olemme Turun Munska. J\u00e4rjest\u00e4mme j\u00e4senillemme monenlaisia viinien maistelutilaisuuksia alustuksineen. Lis\u00e4ksi tarjoamme mahdollisuuden viinien opiskeluun rennossa ja iloisessa seurassa. Tule mukaan ja inspiroidu viineist\u00e4. Lataa esite: Tule mukaan viiniseura toimintaan Kauppahallin Viinijuhlissa 7.2.2026 j\u00e4rjestetyn &#8221;Arvaa korkkien m\u00e4\u00e4r\u00e4&#8221; kisan oikea tulos alla Munsk\u00e4nkarna Aboa jakoi Turun Kauppahallin Viinijuhlissa illan aikana tietoa [&hellip;]","og_url":"https:\/\/munskankarna.org\/turku\/","og_site_name":"Munsk\u00e4nkarna Aboa","article_modified_time":"2026-02-09T14:49:51+00:00","og_image":[{"width":2560,"height":2055,"url":"https:\/\/munskankarna.org\/turku\/wp-content\/uploads\/sites\/10\/2026\/02\/Viinijuhlat_messuosasto2026_IMG_3140-scaled.jpg","type":"image\/jpeg"}],"twitter_card":"summary_large_image","twitter_misc":{"Arvioitu lukuaika":"2 minuuttia"},"schema":{"@context":"https:\/\/schema.org","@graph":[{"@type":"WebPage","@id":"https:\/\/munskankarna.org\/turku\/","url":"https:\/\/munskankarna.org\/turku\/","name":"Viiniseura Munsk\u00e4nkarna Aboa ry - Munsk\u00e4nkarna Aboa","isPartOf":{"@id":"https:\/\/munskankarna.org\/turku\/#website"},"primaryImageOfPage":{"@id":"https:\/\/munskankarna.org\/turku\/#primaryimage"},"image":{"@id":"https:\/\/munskankarna.org\/turku\/#primaryimage"},"thumbnailUrl":"https:\/\/munskankarna.org\/turku\/wp-content\/uploads\/sites\/10\/2026\/02\/Viinijuhlat_messuosasto2026_IMG_3140-1024x822.jpg","datePublished":"2013-05-23T19:18:58+00:00","dateModified":"2026-02-09T14:49:51+00:00","breadcrumb":{"@id":"https:\/\/munskankarna.org\/turku\/#breadcrumb"},"inLanguage":"fi","potentialAction":[{"@type":"ReadAction","target":["https:\/\/munskankarna.org\/turku\/"]}]},{"@type":"ImageObject","inLanguage":"fi","@id":"https:\/\/munskankarna.org\/turku\/#primaryimage","url":"https:\/\/munskankarna.org\/turku\/wp-content\/uploads\/sites\/10\/2026\/02\/Viinijuhlat_messuosasto2026_IMG_3140-scaled.jpg","contentUrl":"https:\/\/munskankarna.org\/turku\/wp-content\/uploads\/sites\/10\/2026\/02\/Viinijuhlat_messuosasto2026_IMG_3140-scaled.jpg","width":2560,"height":2055},{"@type":"BreadcrumbList","@id":"https:\/\/munskankarna.org\/turku\/#breadcrumb","itemListElement":[{"@type":"ListItem","position":1,"name":"Home","item":"https:\/\/munskankarna.org\/turku\/"},{"@type":"ListItem","position":2,"name":"Viiniseura Munsk\u00e4nkarna Aboa ry"}]},{"@type":"WebSite","@id":"https:\/\/munskankarna.org\/turku\/#website","url":"https:\/\/munskankarna.org\/turku\/","name":"Munsk\u00e4nkarna Aboa","description":"Suomen Munsk\u00e4nkarna ry:n Turun paikallisseura","potentialAction":[{"@type":"SearchAction","target":{"@type":"EntryPoint","urlTemplate":"https:\/\/munskankarna.org\/turku\/?s={search_term_string}"},"query-input":{"@type":"PropertyValueSpecification","valueRequired":true,"valueName":"search_term_string"}}],"inLanguage":"fi"}]}},"_links":{"self":[{"href":"https:\/\/munskankarna.org\/turku\/wp-json\/wp\/v2\/pages\/5","targetHints":{"allow":["GET"]}}],"collection":[{"href":"https:\/\/munskankarna.org\/turku\/wp-json\/wp\/v2\/pages"}],"about":[{"href":"https:\/\/munskankarna.org\/turku\/wp-json\/wp\/v2\/types\/page"}],"author":[{"embeddable":true,"href":"https:\/\/munskankarna.org\/turku\/wp-json\/wp\/v2\/users\/24"}],"replies":[{"embeddable":true,"href":"https:\/\/munskankarna.org\/turku\/wp-json\/wp\/v2\/comments?post=5"}],"version-history":[{"count":44,"href":"https:\/\/munskankarna.org\/turku\/wp-json\/wp\/v2\/pages\/5\/revisions"}],"predecessor-version":[{"id":810,"href":"https:\/\/munskankarna.org\/turku\/wp-json\/wp\/v2\/pages\/5\/revisions\/810"}],"wp:attachment":[{"href":"https:\/\/munskankarna.org\/turku\/wp-json\/wp\/v2\/media?parent=5"}],"curies":[{"name":"wp","href":"https:\/\/api.w.org\/{rel}","templated":true}]}}