{"id":647,"date":"2023-12-19T20:48:55","date_gmt":"2023-12-19T18:48:55","guid":{"rendered":"https:\/\/munskankarna.org\/turku\/?page_id=647"},"modified":"2026-02-07T12:05:38","modified_gmt":"2026-02-07T10:05:38","slug":"jaseneksi","status":"publish","type":"page","link":"https:\/\/munskankarna.org\/turku\/jaseneksi\/","title":{"rendered":"J\u00e4seneksi"},"content":{"rendered":"<p><strong>Lataa esite:<\/strong> <a href=\"https:\/\/munskankarna.org\/turku\/wp-content\/uploads\/sites\/10\/2024\/03\/Tule-mukaan-viiniseura-toimintaan.pdf\">Tule mukaan viiniseura toimintaan<\/a><\/p>\n<p><b>Ilmoittautuminen vieraaksi maisteluun ja liittymispyynn\u00f6t:<\/b> <a href=\"mailto:p&#117;&#104;&#101;&#101;&#110;&#106;&#111;&#104;&#116;&#97;&#x6a;&#x61;&#x2e;&#x74;&#x75;&#x72;&#x6b;&#x75;&#x40;&#x6d;&#x75;&#x6e;&#x73;&#x6b;&#x61;nkarna&#46;o&#114;&#103;\">&#112;&#x75;h&#x65;e&#110;&#x6a;&#111;&#x68;t&#97;&#x6a;&#97;&#x2e;t&#x75;&#x72;&#107;&#x75;&#64;&#x6d;u&#110;&#x73;&#107;&#x61;n&#107;&#x61;&#114;&#x6e;a&#46;&#x6f;&#114;&#x67;<\/a><\/p>\n<p><a href=\"https:\/\/munskankarna.org\/turku\/wp-content\/uploads\/sites\/10\/2025\/02\/viininauha_4x20cm.jpg\"><img loading=\"lazy\" decoding=\"async\" class=\"alignnone size-large wp-image-761\" src=\"https:\/\/munskankarna.org\/turku\/wp-content\/uploads\/sites\/10\/2025\/02\/viininauha_4x20cm-1024x205.jpg\" alt=\"\" width=\"625\" height=\"125\" srcset=\"https:\/\/munskankarna.org\/turku\/wp-content\/uploads\/sites\/10\/2025\/02\/viininauha_4x20cm-1024x205.jpg 1024w, https:\/\/munskankarna.org\/turku\/wp-content\/uploads\/sites\/10\/2025\/02\/viininauha_4x20cm-300x60.jpg 300w, https:\/\/munskankarna.org\/turku\/wp-content\/uploads\/sites\/10\/2025\/02\/viininauha_4x20cm-768x153.jpg 768w, https:\/\/munskankarna.org\/turku\/wp-content\/uploads\/sites\/10\/2025\/02\/viininauha_4x20cm-1536x307.jpg 1536w, https:\/\/munskankarna.org\/turku\/wp-content\/uploads\/sites\/10\/2025\/02\/viininauha_4x20cm-2048x409.jpg 2048w, https:\/\/munskankarna.org\/turku\/wp-content\/uploads\/sites\/10\/2025\/02\/viininauha_4x20cm-624x125.jpg 624w\" sizes=\"auto, (max-width: 625px) 100vw, 625px\" \/><\/a><\/p>\n<p>Maisteluihin voi tulla 1-2 kertaa vieraaksi ennen j\u00e4seneksi liittymist\u00e4. Verkkosivujen <a href=\"https:\/\/munskankarna.org\/turku\/tapahtumakalenteri\/\">tapahtumakalenterista<\/a> l\u00f6ytyy tietoa tulevista tapahtumista. Vierailijoille on maisteluihin oma paikkakiinti\u00f6 ja hinta, tarkemmat tiedot saa pyyt\u00e4m\u00e4ll\u00e4 ne s\u00e4hk\u00f6postilla. Vieraaksi ilmoittautumisen j\u00e4lkeen l\u00e4het\u00e4mme laskun, jonka maksamalla vahvistat paikkasi maistelussa.<\/p>\n<p>Meille voi tulla viiniharrastuksen alkuvaiheessa olevat tai jo pidemm\u00e4lle harrastuksessaan ehtineet. Kaikille l\u00f6ytyy varmasti omaan osaamistasoon ja kiinnostuneisuuteen sopivia tapahtumia. Liittym\u00e4ll\u00e4 j\u00e4seneksi saat tiedot uusista tapahtumista suoraan s\u00e4hk\u00f6postiin, etusijan osallistumiseen sek\u00e4 edullisemmat j\u00e4senhinnat. Lis\u00e4ksi j\u00e4senyys tuo mahdollisuuden osallistua kursseille, joiden avulla saat enemm\u00e4n irti viiniharrastuksestasi. MyClub-j\u00e4senportaalin kautta voit varata paikkasi ja selailla kaikkia yhdistyksen tapahtumia vaikka puhelimella.<\/p>\n<p>Voit j\u00e4tt\u00e4\u00e4\u00a0 j\u00e4senhakemuksen my\u00f6s t\u00e4ytt\u00e4m\u00e4ll\u00e4 yhteistietosi suoraan Suomen Munsk\u00e4nkarna ry:n j\u00e4senrekisteriin, lomakkeen lopussa valitse paikallisyhdistys Munsk\u00e4nkarna Aboa ry<\/p>\n<p><a href=\"https:\/\/munskankarna.myclub.fi\/flow\/courses\/9857754?group_id=92937\">S\u00e4hk\u00f6inen j\u00e4senhakemus<\/a><\/p>\n<p>&nbsp;<\/p>\n<p>&nbsp;<\/p>\n<p>&nbsp;<\/p>\n","protected":false},"excerpt":{"rendered":"<p>Lataa esite: Tule mukaan viiniseura toimintaan Ilmoittautuminen vieraaksi maisteluun ja liittymispyynn\u00f6t: &#x70;&#x75;&#104;e&#x65;&#x6e;&#106;&#111;h&#x74;&#x61;&#106;&#97;&#46;&#x74;&#x75;&#114;ku&#x40;&#x6d;&#117;n&#x73;&#x6b;&#97;&#110;k&#x61;&#x72;&#110;&#97;&#46;&#x6f;&#x72;&#103; Maisteluihin voi tulla 1-2 kertaa vieraaksi ennen j\u00e4seneksi liittymist\u00e4. Verkkosivujen tapahtumakalenterista l\u00f6ytyy tietoa tulevista tapahtumista. Vierailijoille on maisteluihin oma paikkakiinti\u00f6 ja hinta, tarkemmat tiedot saa pyyt\u00e4m\u00e4ll\u00e4 ne s\u00e4hk\u00f6postilla. Vieraaksi ilmoittautumisen j\u00e4lkeen l\u00e4het\u00e4mme laskun, jonka maksamalla vahvistat paikkasi maistelussa. Meille voi tulla viiniharrastuksen alkuvaiheessa [&hellip;]<\/p>\n","protected":false},"author":35,"featured_media":0,"parent":0,"menu_order":0,"comment_status":"closed","ping_status":"closed","template":"","meta":{"footnotes":""},"class_list":["post-647","page","type-page","status-publish","hentry"],"yoast_head":"<!-- This site is optimized with the Yoast SEO plugin v27.3 - https:\/\/yoast.com\/product\/yoast-seo-wordpress\/ -->\n<title>J\u00e4seneksi - Munsk\u00e4nkarna Aboa<\/title>\n<meta name=\"robots\" content=\"index, follow, max-snippet:-1, max-image-preview:large, max-video-preview:-1\" \/>\n<link rel=\"canonical\" href=\"https:\/\/munskankarna.org\/turku\/jaseneksi\/\" \/>\n<meta property=\"og:locale\" content=\"fi_FI\" \/>\n<meta property=\"og:type\" content=\"article\" \/>\n<meta property=\"og:title\" content=\"J\u00e4seneksi - Munsk\u00e4nkarna Aboa\" \/>\n<meta property=\"og:description\" content=\"Lataa esite: Tule mukaan viiniseura toimintaan Ilmoittautuminen vieraaksi maisteluun ja liittymispyynn\u00f6t: &#x70;&#117;&#x68;&#101;e&#x6e;&#106;o&#x68;&#116;&#x61;&#x6a;a&#x2e;&#116;u&#x72;&#107;&#x75;&#x40;m&#x75;&#110;s&#x6b;&#097;n&#x6b;&#097;&#x72;&#110;a&#x2e;&#111;r&#x67; Maisteluihin voi tulla 1-2 kertaa vieraaksi ennen j\u00e4seneksi liittymist\u00e4. Verkkosivujen tapahtumakalenterista l\u00f6ytyy tietoa tulevista tapahtumista. Vierailijoille on maisteluihin oma paikkakiinti\u00f6 ja hinta, tarkemmat tiedot saa pyyt\u00e4m\u00e4ll\u00e4 ne s\u00e4hk\u00f6postilla. Vieraaksi ilmoittautumisen j\u00e4lkeen l\u00e4het\u00e4mme laskun, jonka maksamalla vahvistat paikkasi maistelussa. Meille voi tulla viiniharrastuksen alkuvaiheessa [&hellip;]\" \/>\n<meta property=\"og:url\" content=\"https:\/\/munskankarna.org\/turku\/jaseneksi\/\" \/>\n<meta property=\"og:site_name\" content=\"Munsk\u00e4nkarna Aboa\" \/>\n<meta property=\"article:modified_time\" content=\"2026-02-07T10:05:38+00:00\" \/>\n<meta property=\"og:image\" content=\"https:\/\/munskankarna.org\/turku\/wp-content\/uploads\/sites\/10\/2025\/02\/viininauha_4x20cm.jpg\" \/>\n\t<meta property=\"og:image:width\" content=\"2362\" \/>\n\t<meta property=\"og:image:height\" content=\"472\" \/>\n\t<meta property=\"og:image:type\" content=\"image\/jpeg\" \/>\n<meta name=\"twitter:card\" content=\"summary_large_image\" \/>\n<meta name=\"twitter:label1\" content=\"Arvioitu lukuaika\" \/>\n\t<meta name=\"twitter:data1\" content=\"1 minuutti\" \/>\n<script type=\"application\/ld+json\" class=\"yoast-schema-graph\">{\"@context\":\"https:\\\/\\\/schema.org\",\"@graph\":[{\"@type\":\"WebPage\",\"@id\":\"https:\\\/\\\/munskankarna.org\\\/turku\\\/jaseneksi\\\/\",\"url\":\"https:\\\/\\\/munskankarna.org\\\/turku\\\/jaseneksi\\\/\",\"name\":\"J\u00e4seneksi - Munsk\u00e4nkarna Aboa\",\"isPartOf\":{\"@id\":\"https:\\\/\\\/munskankarna.org\\\/turku\\\/#website\"},\"primaryImageOfPage\":{\"@id\":\"https:\\\/\\\/munskankarna.org\\\/turku\\\/jaseneksi\\\/#primaryimage\"},\"image\":{\"@id\":\"https:\\\/\\\/munskankarna.org\\\/turku\\\/jaseneksi\\\/#primaryimage\"},\"thumbnailUrl\":\"https:\\\/\\\/munskankarna.org\\\/turku\\\/wp-content\\\/uploads\\\/sites\\\/10\\\/2025\\\/02\\\/viininauha_4x20cm-1024x205.jpg\",\"datePublished\":\"2023-12-19T18:48:55+00:00\",\"dateModified\":\"2026-02-07T10:05:38+00:00\",\"breadcrumb\":{\"@id\":\"https:\\\/\\\/munskankarna.org\\\/turku\\\/jaseneksi\\\/#breadcrumb\"},\"inLanguage\":\"fi\",\"potentialAction\":[{\"@type\":\"ReadAction\",\"target\":[\"https:\\\/\\\/munskankarna.org\\\/turku\\\/jaseneksi\\\/\"]}]},{\"@type\":\"ImageObject\",\"inLanguage\":\"fi\",\"@id\":\"https:\\\/\\\/munskankarna.org\\\/turku\\\/jaseneksi\\\/#primaryimage\",\"url\":\"https:\\\/\\\/munskankarna.org\\\/turku\\\/wp-content\\\/uploads\\\/sites\\\/10\\\/2025\\\/02\\\/viininauha_4x20cm.jpg\",\"contentUrl\":\"https:\\\/\\\/munskankarna.org\\\/turku\\\/wp-content\\\/uploads\\\/sites\\\/10\\\/2025\\\/02\\\/viininauha_4x20cm.jpg\",\"width\":2362,\"height\":472},{\"@type\":\"BreadcrumbList\",\"@id\":\"https:\\\/\\\/munskankarna.org\\\/turku\\\/jaseneksi\\\/#breadcrumb\",\"itemListElement\":[{\"@type\":\"ListItem\",\"position\":1,\"name\":\"Home\",\"item\":\"https:\\\/\\\/munskankarna.org\\\/turku\\\/\"},{\"@type\":\"ListItem\",\"position\":2,\"name\":\"J\u00e4seneksi\"}]},{\"@type\":\"WebSite\",\"@id\":\"https:\\\/\\\/munskankarna.org\\\/turku\\\/#website\",\"url\":\"https:\\\/\\\/munskankarna.org\\\/turku\\\/\",\"name\":\"Munsk\u00e4nkarna Aboa\",\"description\":\"Suomen Munsk\u00e4nkarna ry:n Turun paikallisseura\",\"potentialAction\":[{\"@type\":\"SearchAction\",\"target\":{\"@type\":\"EntryPoint\",\"urlTemplate\":\"https:\\\/\\\/munskankarna.org\\\/turku\\\/?s={search_term_string}\"},\"query-input\":{\"@type\":\"PropertyValueSpecification\",\"valueRequired\":true,\"valueName\":\"search_term_string\"}}],\"inLanguage\":\"fi\"}]}<\/script>\n<!-- \/ Yoast SEO plugin. -->","yoast_head_json":{"title":"J\u00e4seneksi - Munsk\u00e4nkarna Aboa","robots":{"index":"index","follow":"follow","max-snippet":"max-snippet:-1","max-image-preview":"max-image-preview:large","max-video-preview":"max-video-preview:-1"},"canonical":"https:\/\/munskankarna.org\/turku\/jaseneksi\/","og_locale":"fi_FI","og_type":"article","og_title":"J\u00e4seneksi - Munsk\u00e4nkarna Aboa","og_description":"Lataa esite: Tule mukaan viiniseura toimintaan Ilmoittautuminen vieraaksi maisteluun ja liittymispyynn\u00f6t: &#x70;&#117;&#x68;&#101;e&#x6e;&#106;o&#x68;&#116;&#x61;&#x6a;a&#x2e;&#116;u&#x72;&#107;&#x75;&#x40;m&#x75;&#110;s&#x6b;&#97;n&#x6b;&#97;&#x72;&#110;a&#x2e;&#111;r&#x67; Maisteluihin voi tulla 1-2 kertaa vieraaksi ennen j\u00e4seneksi liittymist\u00e4. Verkkosivujen tapahtumakalenterista l\u00f6ytyy tietoa tulevista tapahtumista. Vierailijoille on maisteluihin oma paikkakiinti\u00f6 ja hinta, tarkemmat tiedot saa pyyt\u00e4m\u00e4ll\u00e4 ne s\u00e4hk\u00f6postilla. Vieraaksi ilmoittautumisen j\u00e4lkeen l\u00e4het\u00e4mme laskun, jonka maksamalla vahvistat paikkasi maistelussa. Meille voi tulla viiniharrastuksen alkuvaiheessa [&hellip;]","og_url":"https:\/\/munskankarna.org\/turku\/jaseneksi\/","og_site_name":"Munsk\u00e4nkarna Aboa","article_modified_time":"2026-02-07T10:05:38+00:00","og_image":[{"width":2362,"height":472,"url":"https:\/\/munskankarna.org\/turku\/wp-content\/uploads\/sites\/10\/2025\/02\/viininauha_4x20cm.jpg","type":"image\/jpeg"}],"twitter_card":"summary_large_image","twitter_misc":{"Arvioitu lukuaika":"1 minuutti"},"schema":{"@context":"https:\/\/schema.org","@graph":[{"@type":"WebPage","@id":"https:\/\/munskankarna.org\/turku\/jaseneksi\/","url":"https:\/\/munskankarna.org\/turku\/jaseneksi\/","name":"J\u00e4seneksi - Munsk\u00e4nkarna Aboa","isPartOf":{"@id":"https:\/\/munskankarna.org\/turku\/#website"},"primaryImageOfPage":{"@id":"https:\/\/munskankarna.org\/turku\/jaseneksi\/#primaryimage"},"image":{"@id":"https:\/\/munskankarna.org\/turku\/jaseneksi\/#primaryimage"},"thumbnailUrl":"https:\/\/munskankarna.org\/turku\/wp-content\/uploads\/sites\/10\/2025\/02\/viininauha_4x20cm-1024x205.jpg","datePublished":"2023-12-19T18:48:55+00:00","dateModified":"2026-02-07T10:05:38+00:00","breadcrumb":{"@id":"https:\/\/munskankarna.org\/turku\/jaseneksi\/#breadcrumb"},"inLanguage":"fi","potentialAction":[{"@type":"ReadAction","target":["https:\/\/munskankarna.org\/turku\/jaseneksi\/"]}]},{"@type":"ImageObject","inLanguage":"fi","@id":"https:\/\/munskankarna.org\/turku\/jaseneksi\/#primaryimage","url":"https:\/\/munskankarna.org\/turku\/wp-content\/uploads\/sites\/10\/2025\/02\/viininauha_4x20cm.jpg","contentUrl":"https:\/\/munskankarna.org\/turku\/wp-content\/uploads\/sites\/10\/2025\/02\/viininauha_4x20cm.jpg","width":2362,"height":472},{"@type":"BreadcrumbList","@id":"https:\/\/munskankarna.org\/turku\/jaseneksi\/#breadcrumb","itemListElement":[{"@type":"ListItem","position":1,"name":"Home","item":"https:\/\/munskankarna.org\/turku\/"},{"@type":"ListItem","position":2,"name":"J\u00e4seneksi"}]},{"@type":"WebSite","@id":"https:\/\/munskankarna.org\/turku\/#website","url":"https:\/\/munskankarna.org\/turku\/","name":"Munsk\u00e4nkarna Aboa","description":"Suomen Munsk\u00e4nkarna ry:n Turun paikallisseura","potentialAction":[{"@type":"SearchAction","target":{"@type":"EntryPoint","urlTemplate":"https:\/\/munskankarna.org\/turku\/?s={search_term_string}"},"query-input":{"@type":"PropertyValueSpecification","valueRequired":true,"valueName":"search_term_string"}}],"inLanguage":"fi"}]}},"_links":{"self":[{"href":"https:\/\/munskankarna.org\/turku\/wp-json\/wp\/v2\/pages\/647","targetHints":{"allow":["GET"]}}],"collection":[{"href":"https:\/\/munskankarna.org\/turku\/wp-json\/wp\/v2\/pages"}],"about":[{"href":"https:\/\/munskankarna.org\/turku\/wp-json\/wp\/v2\/types\/page"}],"author":[{"embeddable":true,"href":"https:\/\/munskankarna.org\/turku\/wp-json\/wp\/v2\/users\/35"}],"replies":[{"embeddable":true,"href":"https:\/\/munskankarna.org\/turku\/wp-json\/wp\/v2\/comments?post=647"}],"version-history":[{"count":19,"href":"https:\/\/munskankarna.org\/turku\/wp-json\/wp\/v2\/pages\/647\/revisions"}],"predecessor-version":[{"id":805,"href":"https:\/\/munskankarna.org\/turku\/wp-json\/wp\/v2\/pages\/647\/revisions\/805"}],"wp:attachment":[{"href":"https:\/\/munskankarna.org\/turku\/wp-json\/wp\/v2\/media?parent=647"}],"curies":[{"name":"wp","href":"https:\/\/api.w.org\/{rel}","templated":true}]}}